{"id":909,"date":"2014-01-17T09:23:10","date_gmt":"2014-01-17T08:23:10","guid":{"rendered":"http:\/\/www.christian-schramm.at\/Ister1\/?page_id=909"},"modified":"2023-01-25T10:37:16","modified_gmt":"2023-01-25T09:37:16","slug":"moeglichkeiten-sponsoring","status":"publish","type":"page","link":"https:\/\/www.ister.at\/Ister1\/?page_id=909","title":{"rendered":"M\u00f6glichkeiten Sponsoring"},"content":{"rendered":"<div class=\"love\"><input  id=\"post_909\" type=\"checkbox\" class=\"LoveCheck\"\/>\n                <label for=\"post_909\" class=\"dashicons dashicons-heart LoveLabel\" aria-label=\"like this\"><\/label><span class=\"LoveCount\">0<\/span><\/div><!--\/love--><p>Ihre Unterst\u00fctzung zweckgebunden f\u00fcr den Jugendsport!<\/p>\n<h2>Ihr Logo &#8211; ihr Link auf unserer Homepage<\/h2>\n<p>Unsere Homepage bietet Resourcen f\u00fcr eine Platzierung ihres Firmenlogos, einem Link zu ihrer Homepage oder gleich Beides.<\/p>\n<div id=\"cc-m-5782977380\">\n<h2 id=\"cc-m-header-5782977380\">Ihr Logo auf einem unserer Rennboote<\/h2>\n<\/div>\n<div id=\"cc-m-5783003680\">\n<div id=\"cc-m-textwithimage-5783003680\"><\/div>\n<p>Unsere Rennboote haben zwar einen Bootsnamen, aber noch keine &#8218;Patenschaft&#8216; bzw. gen\u00fcgend Platz f\u00fcr Ihr Logo. Vor allem die Boote unserer gro\u00dfen Talente und deren Benutzer w\u00fcrden sich \u00fcber Ihren Beitrag freuen.<\/p>\n<\/div>\n<h2 id=\"cc-m-5783013880\"><strong><span style=\"color: revert; font-size: 1.75rem; font-family: var(--text-font);\">Ihr Logo auf unserem Vereinsbus und -bootsh\u00e4nger<\/span><\/strong><\/h2>\n<div id=\"cc-m-5783027280\">\n<div id=\"cc-m-textwithimage-5783027280\">Gerne stellen wir den <span style=\"display: inline !important; float: none; background-color: transparent; color: #404040; cursor: text; font-family: 'Ubuntu',Tahoma,Arial; font-size: 16.93px; font-style: normal; font-variant: normal; font-weight: 400; letter-spacing: normal; orphans: 2; text-align: left; text-decoration: none; text-indent: 0px; text-transform: none; -webkit-text-stroke-width: 0px; white-space: normal; word-spacing: 0px;\">silbernen Mannschaftsbus<\/span> zur Verf\u00fcgung f\u00fcr die Gestaltung im Sinne &#8222;Jugendsport w\u00e4re nicht m\u00f6glich ohne&#8230;&#8220;<\/div>\n<\/div>\n<div id=\"cc-m-5783055480\">\n<div id=\"cc-m-textwithimage-5783055480\"><\/div>\n<p>Auch unser H\u00e4nger bietet als &#8218;Eye-Catcher&#8216; viel Platz f\u00fcr Ihr Logo!<\/p>\n<\/div>\n<h2 id=\"cc-m-5783059880\"><span style=\"color: revert; font-size: 1.75rem; font-weight: revert; font-family: var(--text-font);\">Firmen-Event: Unser Vereinsgel\u00e4nde und Wasserpark als Ihre Spielwiese<\/span><\/h2>\n<div id=\"cc-m-5783083180\">\n<div id=\"cc-m-textwithimage-5783083180\"><\/div>\n<p>Unser Vereinsgel\u00e4nde mitten Linz, gelegen am Winterhafen, bietet viel Platz am Lande (indoor und outdoor) f\u00fcr Ihr m\u00f6gliches Firmen-Fest.<\/p>\n<p>Ihre W\u00fcnsche &#8211; unser Service &#8211; pragmatisch, sportlich und bem\u00fcht f\u00fchren wir Ihr &#8218;Drehbuch&#8216; durch.<\/p>\n<\/div>\n<div class=\"love\"><input  id=\"post_909\" type=\"checkbox\" class=\"LoveCheck\"\/>\n                <label for=\"post_909\" class=\"dashicons dashicons-heart LoveLabel\" aria-label=\"like this\"><\/label><span class=\"LoveCount\">0<\/span><\/div><!--\/love-->","protected":false},"excerpt":{"rendered":"<p>0Ihre Unterst\u00fctzung zweckgebunden f\u00fcr den Jugendsport! Ihr Logo &#8211; ihr Link auf unserer Homepage Unsere Homepage bietet Resourcen f\u00fcr eine Platzierung ihres Firmenlogos, einem Link zu ihrer Homepage oder gleich Beides. Ihr Logo auf einem[&#8230;]<\/p>\n","protected":false},"author":2,"featured_media":0,"parent":159,"menu_order":0,"comment_status":"closed","ping_status":"closed","template":"","meta":{"_monsterinsights_skip_tracking":false,"_monsterinsights_sitenote_active":false,"_monsterinsights_sitenote_note":"","_monsterinsights_sitenote_category":0,"footnotes":""},"class_list":["post-909","page","type-page","status-publish","hentry"],"_links":{"self":[{"href":"https:\/\/www.ister.at\/Ister1\/index.php?rest_route=\/wp\/v2\/pages\/909","targetHints":{"allow":["GET"]}}],"collection":[{"href":"https:\/\/www.ister.at\/Ister1\/index.php?rest_route=\/wp\/v2\/pages"}],"about":[{"href":"https:\/\/www.ister.at\/Ister1\/index.php?rest_route=\/wp\/v2\/types\/page"}],"author":[{"embeddable":true,"href":"https:\/\/www.ister.at\/Ister1\/index.php?rest_route=\/wp\/v2\/users\/2"}],"replies":[{"embeddable":true,"href":"https:\/\/www.ister.at\/Ister1\/index.php?rest_route=%2Fwp%2Fv2%2Fcomments&post=909"}],"version-history":[{"count":5,"href":"https:\/\/www.ister.at\/Ister1\/index.php?rest_route=\/wp\/v2\/pages\/909\/revisions"}],"predecessor-version":[{"id":20131,"href":"https:\/\/www.ister.at\/Ister1\/index.php?rest_route=\/wp\/v2\/pages\/909\/revisions\/20131"}],"up":[{"embeddable":true,"href":"https:\/\/www.ister.at\/Ister1\/index.php?rest_route=\/wp\/v2\/pages\/159"}],"wp:attachment":[{"href":"https:\/\/www.ister.at\/Ister1\/index.php?rest_route=%2Fwp%2Fv2%2Fmedia&parent=909"}],"curies":[{"name":"wp","href":"https:\/\/api.w.org\/{rel}","templated":true}]}}