{"id":890,"date":"2014-01-14T15:39:30","date_gmt":"2014-01-14T14:39:30","guid":{"rendered":"http:\/\/www.christian-schramm.at\/Ister1\/?page_id=890"},"modified":"2026-01-06T11:08:38","modified_gmt":"2026-01-06T10:08:38","slug":"downloads","status":"publish","type":"page","link":"https:\/\/www.ister.at\/Ister1\/?page_id=890","title":{"rendered":"Downloads\/Info"},"content":{"rendered":"<div class=\"love\"><input  id=\"post_890\" type=\"checkbox\" class=\"LoveCheck\"\/>\n                <label for=\"post_890\" class=\"dashicons dashicons-heart LoveLabel\" aria-label=\"like this\"><\/label><span class=\"LoveCount\">3<\/span><\/div><!--\/love--><p><a href=\"https:\/\/www.ister.at\/Ister1\/wp-content\/uploads\/2025\/11\/Aufnahmeansuchenformular-Ister.pdf\" target=\"_blank\" rel=\"noopener noreferrer\">Formular Aufnahme<\/a>:\u00a0 Neuaufnahme zum Verein<\/p>\n<p><a href=\"https:\/\/www.ister.at\/Ister1\/wp-content\/uploads\/2024\/05\/efa-Anleitung-Ister.pdf\">Elektronisches Fahrtenbuch<\/a>:\u00a0 Benutzeranleitung<\/p>\n<p><a href=\"https:\/\/www.ister.at\/Ister1\/wp-content\/uploads\/2025\/05\/Abrechnungsformular_Ister.pdf\" target=\"_blank\" rel=\"noopener noreferrer\">Abrechnungsformular<\/a>: F\u00fcr Regatten, Tanken und sonstige Ausgaben f\u00fcr den Verein<\/p>\n<p><a href=\"https:\/\/www.ister.at\/Ister1\/wp-content\/uploads\/2025\/07\/Klubraumbenuetzung-1.pdf\">Klubraumben\u00fctzung<\/a><\/p>\n<p><a href=\"https:\/\/www.ister.at\/Ister1\/wp-content\/uploads\/2025\/05\/Uebernachtung_Ister.pdf\">\u00dcbernachtung im Bootshaus<\/a><\/p>\n<p><a title=\"Links\" href=\"http:\/\/www.ister.at\/?page_id=888\">Weiterf\u00fchrende Links<\/a><\/p>\n<div class=\"love\"><input  id=\"post_890\" type=\"checkbox\" class=\"LoveCheck\"\/>\n                <label for=\"post_890\" class=\"dashicons dashicons-heart LoveLabel\" aria-label=\"like this\"><\/label><span class=\"LoveCount\">3<\/span><\/div><!--\/love-->","protected":false},"excerpt":{"rendered":"<p>3Formular Aufnahme:\u00a0 Neuaufnahme zum Verein Elektronisches Fahrtenbuch:\u00a0 Benutzeranleitung Abrechnungsformular: F\u00fcr Regatten, Tanken und sonstige Ausgaben f\u00fcr den Verein Klubraumben\u00fctzung \u00dcbernachtung im Bootshaus Weiterf\u00fchrende Links 3<\/p>\n","protected":false},"author":1,"featured_media":0,"parent":31,"menu_order":0,"comment_status":"closed","ping_status":"closed","template":"","meta":{"_monsterinsights_skip_tracking":false,"_monsterinsights_sitenote_active":false,"_monsterinsights_sitenote_note":"","_monsterinsights_sitenote_category":0,"footnotes":""},"class_list":["post-890","page","type-page","status-publish","hentry"],"_links":{"self":[{"href":"https:\/\/www.ister.at\/Ister1\/index.php?rest_route=\/wp\/v2\/pages\/890","targetHints":{"allow":["GET"]}}],"collection":[{"href":"https:\/\/www.ister.at\/Ister1\/index.php?rest_route=\/wp\/v2\/pages"}],"about":[{"href":"https:\/\/www.ister.at\/Ister1\/index.php?rest_route=\/wp\/v2\/types\/page"}],"author":[{"embeddable":true,"href":"https:\/\/www.ister.at\/Ister1\/index.php?rest_route=\/wp\/v2\/users\/1"}],"replies":[{"embeddable":true,"href":"https:\/\/www.ister.at\/Ister1\/index.php?rest_route=%2Fwp%2Fv2%2Fcomments&post=890"}],"version-history":[{"count":75,"href":"https:\/\/www.ister.at\/Ister1\/index.php?rest_route=\/wp\/v2\/pages\/890\/revisions"}],"predecessor-version":[{"id":22441,"href":"https:\/\/www.ister.at\/Ister1\/index.php?rest_route=\/wp\/v2\/pages\/890\/revisions\/22441"}],"up":[{"embeddable":true,"href":"https:\/\/www.ister.at\/Ister1\/index.php?rest_route=\/wp\/v2\/pages\/31"}],"wp:attachment":[{"href":"https:\/\/www.ister.at\/Ister1\/index.php?rest_route=%2Fwp%2Fv2%2Fmedia&parent=890"}],"curies":[{"name":"wp","href":"https:\/\/api.w.org\/{rel}","templated":true}]}}