{"id":888,"date":"2014-01-14T15:39:19","date_gmt":"2014-01-14T14:39:19","guid":{"rendered":"http:\/\/www.christian-schramm.at\/Ister1\/?page_id=888"},"modified":"2025-05-11T21:46:36","modified_gmt":"2025-05-11T19:46:36","slug":"links","status":"publish","type":"page","link":"https:\/\/www.ister.at\/Ister1\/?page_id=888","title":{"rendered":"Links"},"content":{"rendered":"<div class=\"love\"><input  id=\"post_888\" type=\"checkbox\" class=\"LoveCheck\"\/>\n                <label for=\"post_888\" class=\"dashicons dashicons-heart LoveLabel\" aria-label=\"like this\"><\/label><span class=\"LoveCount\">0<\/span><\/div><!--\/love--><h2>Weiterf\u00fchrende Links:<\/h2>\n<p><a href=\"http:\/\/www.rudern.at\" target=\"_blank\" rel=\"noopener noreferrer\">\u00d6sterreichischer Ruderverband<\/a><\/p>\n<p><a href=\"http:\/\/www.rudern-ooe.at\" target=\"_blank\" rel=\"noopener noreferrer\">Ober\u00f6sterreichischer Ruderverband<\/a><\/p>\n<p><a href=\"https:\/\/www.bspa.at\/\" target=\"_blank\" rel=\"noopener noreferrer\">BSPA (Bundessportakademie, ehemals BAFL)<\/a><\/p>\n<p><a href=\"https:\/\/www.asvo-sport.at\/\" target=\"_blank\" rel=\"noopener noreferrer\">ASV\u00d6 Ober\u00f6sterreich<\/a><\/p>\n<p><a href=\"http:\/\/www.rudern.at\/ruderwiki\/doku.php\" target=\"_blank\" rel=\"noopener noreferrer\">Ruder-WIKI des \u00d6sterreichischen Ruderverbands<\/a><\/p>\n<p><a href=\"http:\/\/log.concept2.com\/log_start.asp\" target=\"_blank\" rel=\"noopener noreferrer\">Concept 2 LogIn<\/a><\/p>\n<p><a href=\"http:\/\/www.digitalrowing.com\" target=\"_blank\" rel=\"noopener noreferrer\">RowPro<\/a><\/p>\n<p><a href=\"http:\/\/www.digitalrowing.com\/oarbits\/livefeed.htm\" target=\"_blank\" rel=\"noopener noreferrer\">Oarbits Live<\/a><\/p>\n<p><a href=\"http:\/\/www.ballkalender.cc\/ballkalender-oberoesterreich.php\" target=\"_blank\" rel=\"noopener noreferrer\">Ballkalender\u00a0Ober\u00f6sterreich<\/a><\/p>\n<div class=\"love\"><input  id=\"post_888\" type=\"checkbox\" class=\"LoveCheck\"\/>\n                <label for=\"post_888\" class=\"dashicons dashicons-heart LoveLabel\" aria-label=\"like this\"><\/label><span class=\"LoveCount\">0<\/span><\/div><!--\/love-->","protected":false},"excerpt":{"rendered":"<p>0Weiterf\u00fchrende Links: \u00d6sterreichischer Ruderverband Ober\u00f6sterreichischer Ruderverband BSPA (Bundessportakademie, ehemals BAFL) ASV\u00d6 Ober\u00f6sterreich Ruder-WIKI des \u00d6sterreichischen Ruderverbands Concept 2 LogIn RowPro Oarbits Live Ballkalender\u00a0Ober\u00f6sterreich 0<\/p>\n","protected":false},"author":2,"featured_media":0,"parent":890,"menu_order":0,"comment_status":"closed","ping_status":"closed","template":"","meta":{"_monsterinsights_skip_tracking":false,"_monsterinsights_sitenote_active":false,"_monsterinsights_sitenote_note":"","_monsterinsights_sitenote_category":0,"footnotes":""},"class_list":["post-888","page","type-page","status-publish","hentry"],"_links":{"self":[{"href":"https:\/\/www.ister.at\/Ister1\/index.php?rest_route=\/wp\/v2\/pages\/888","targetHints":{"allow":["GET"]}}],"collection":[{"href":"https:\/\/www.ister.at\/Ister1\/index.php?rest_route=\/wp\/v2\/pages"}],"about":[{"href":"https:\/\/www.ister.at\/Ister1\/index.php?rest_route=\/wp\/v2\/types\/page"}],"author":[{"embeddable":true,"href":"https:\/\/www.ister.at\/Ister1\/index.php?rest_route=\/wp\/v2\/users\/2"}],"replies":[{"embeddable":true,"href":"https:\/\/www.ister.at\/Ister1\/index.php?rest_route=%2Fwp%2Fv2%2Fcomments&post=888"}],"version-history":[{"count":15,"href":"https:\/\/www.ister.at\/Ister1\/index.php?rest_route=\/wp\/v2\/pages\/888\/revisions"}],"predecessor-version":[{"id":21948,"href":"https:\/\/www.ister.at\/Ister1\/index.php?rest_route=\/wp\/v2\/pages\/888\/revisions\/21948"}],"up":[{"embeddable":true,"href":"https:\/\/www.ister.at\/Ister1\/index.php?rest_route=\/wp\/v2\/pages\/890"}],"wp:attachment":[{"href":"https:\/\/www.ister.at\/Ister1\/index.php?rest_route=%2Fwp%2Fv2%2Fmedia&parent=888"}],"curies":[{"name":"wp","href":"https:\/\/api.w.org\/{rel}","templated":true}]}}