{"id":8859,"date":"2015-01-15T15:33:54","date_gmt":"2015-01-15T14:33:54","guid":{"rendered":"http:\/\/www.ister.at\/?page_id=8859"},"modified":"2016-12-02T22:06:54","modified_gmt":"2016-12-02T21:06:54","slug":"bushaenger-rechtliches","status":"publish","type":"page","link":"https:\/\/www.ister.at\/Ister1\/?page_id=8859","title":{"rendered":"Bus\/H\u00e4nger rechtliches"},"content":{"rendered":"<div class=\"love\"><input  id=\"post_8859\" type=\"checkbox\" class=\"LoveCheck\"\/>\n                <label for=\"post_8859\" class=\"dashicons dashicons-heart LoveLabel\" aria-label=\"like this\"><\/label><span class=\"LoveCount\">0<\/span><\/div><!--\/love--><p><span style=\"color: #800000;\"><strong>Ziehen von Anh\u00e4ngern \u2013 Vorschriften!<\/strong><\/span><\/p>\n<p><span style=\"color: #0000ff;\"><strong>F\u00fchrerschein<\/strong><\/span><\/p>\n<p><strong>\u00a7 2 FSG: <\/strong><\/p>\n<p><strong>Klasse B: <\/strong>Kraftwagen mit nicht mehr als acht Pl\u00e4tzen f\u00fcr bef\u00f6rderte Personen au\u00dfer dem Lenkerplatz und mit einer h\u00f6chsten zul\u00e4ssigen Gesamtmasse von nicht mehr als 3500 kg,<\/p>\n<p>Das Ziehen eines Anh\u00e4ngers mit einem Zugfahrzeug der Klasse B ist in folgendem Umfang gestattet:<br \/>\na) einen leichten Anh\u00e4nger (bis 750kg),<br \/>\nb) falls bei der Genehmigung der Fahrzeuge nichts anderes festgelegt worden ist einen anderen als leichten Anh\u00e4nger, sofern die h\u00f6chste zul\u00e4ssige Gesamtmasse <strong>der Fahrzeugkombination 3500 kg nicht \u00fcbersteigt<\/strong>,<br \/>\nc) falls bei der Genehmigung der Fahrzeuge nichts anderes festgelegt worden ist einen anderen als leichten Anh\u00e4nger, sofern die h\u00f6chste zul\u00e4ssige Gesamtmasse der Fahrzeugkombination mehr als 3500 kg aber <strong>nicht mehr als 4250 kg betr\u00e4gt<\/strong>; zum Ziehen solcher Anh\u00e4nger ist die Absolvierung einer theoretischen und praktischen Ausbildung im Ausma\u00df von insgesamt sieben Unterrichtseinheiten erforderlich; (<strong>Code 96<\/strong> im FS eingetragen)<\/p>\n<p><strong>Klasse BE: <\/strong>&#8230; falls bei der Genehmigung der Fahrzeuge nichts anderes festgelegt worden ist, ein Zugfahrzeug der Klasse B und einen Anh\u00e4nger oder Sattelanh\u00e4nger mit einer h\u00f6chsten zul\u00e4ssigen Gesamtmasse von nicht mehr als 3500 kg;<\/p>\n<p>&nbsp;<\/p>\n<p><span style=\"color: #0000ff;\"><strong>Gewichte<\/strong><\/span><\/p>\n<p><strong>\u00a7 104 KFG i.V.m. 61 KDV: <\/strong><\/p>\n<p><strong>\u00a7 104 Abs. 2 lit. c: <\/strong>c. bei leichten Anh\u00e4ngern ohne Bremsanlage, wenn das um 75 kg erh\u00f6hte Eigengewicht des Zugfahrzeuges das Doppelte des Gesamtgewichtes des Anh\u00e4ngers \u00fcberschreitet<\/p>\n<p><strong>\u00a7 61 Abs 1 KDV: <\/strong>Das Ziehen von Anh\u00e4ngern, die als einzige Bremsanlage eine <strong>Auflaufbremsanlage<\/strong> haben, ist nur zul\u00e4ssig, wenn das Gesamtgewicht des Anh\u00e4ngers weder das h\u00f6chste zul\u00e4ssige Gesamtgewicht des Zugfahrzeuges- bei gel\u00e4ndeg\u00e4ngigen Fahrzeugen der Klasse M1 oder N1 ist das 1,5 fache dieses Wertes ma\u00dfgebend- <strong>noch den bei der Genehmigung festgesetzten Wert<\/strong>, bei Fahrzeugen mit ausl\u00e4ndischen Kennzeichen den im Zulassungsschein oder dem Zulassungsschein gleichwertigen ausl\u00e4ndischem Fahrzeugdokument eingetragenen Wert, \u00fcbersteigt.<\/p>\n<p><strong><br \/>\n<\/strong><\/p>\n<p><span style=\"color: #0000ff;\"><strong>Abmessungen<\/strong><\/span><\/p>\n<p><strong>\u00a7 4 KFG: <\/strong><\/p>\n<p>(6) Die Abmessungen von Kraftfahrzeugen und Anh\u00e4ngern d\u00fcrfen nicht \u00fcberschreiten<\/p>\n<ol>\n<li><strong> eine gr\u00f6\u00dfte H\u00f6he von &#8230;&#8230;&#8230;&#8230;&#8230;&#8230;&#8230;&#8230;&#8230;&#8230;. 4 m, <\/strong>2.<\/li>\n<li>eine gr\u00f6\u00dfte Breite von<br \/>\na) bei klimatisierten Fahrzeugen (\u00a7 2 Abs. 1 Z 44) . 2,6 m,<br \/>\n<strong>b) bei allen anderen Kraftfahrzeugen und Anh\u00e4ngern 2,55 m,<\/strong><\/li>\n<li>eine gr\u00f6\u00dfte L\u00e4nge von<br \/>\n<strong>a) bei Kraftfahrzeugen und Anh\u00e4ngern, ausgenommen Sattelanh\u00e4nger, Omnibusse und Gelenkkraftfahrzeuge &#8230;&#8230;&#8230;&#8230;&#8230;&#8230;&#8230;&#8230;&#8230;. 12,00 m,<br \/>\n<\/strong>b) bei Gelenkkraftfahrzeugen &#8230;&#8230;&#8230;&#8230;&#8230;&#8230;&#8230;.. 18,00 m,<br \/>\nc) bei Gelenkbussen &#8230;&#8230;&#8230;&#8230;&#8230;&#8230;&#8230;&#8230;&#8230;&#8230;.. 18,75 m,<br \/>\nd) bei zweiachsigen Omnibussen &#8230;&#8230;&#8230;&#8230;&#8230;&#8230;&#8230; 13,50 m,<br \/>\ne) bei Omnibussen mit mehr als zwei Achsen &#8230;&#8230;&#8230; 15,00 m.<\/li>\n<\/ol>\n<p>(7a) Die gr\u00f6\u00dfte L\u00e4nge von <strong>Kraftwagen mit Anh\u00e4ngern darf 18,75 m<\/strong>, von Sattelkraftfahrzeugen jedoch 16,5 m nicht \u00fcberschreiten.<\/p>\n<p><strong>\u00a0<\/strong><\/p>\n<p><span style=\"color: #0000ff;\"><strong>Beladung<\/strong><\/span><\/p>\n<p><strong>\u00a7 101 Abs. 1 KFG: <\/strong><\/p>\n<p>(4) Ragt die <strong>Ladung um mehr als 1 m<\/strong> \u00fcber den vordersten oder hintersten Punkt des Kraftfahrzeuges, bei Kraftfahrzeugen mit Anh\u00e4ngern des letzten Anh\u00e4ngers, hinaus, so m\u00fcssen die \u00e4u\u00dfersten Punkte der hinausragenden Teile der Ladung anderen Stra\u00dfenben\u00fctzern gut erkennbar gemacht sein.<\/p>\n<p><span style=\"color: #0000ff;\"><strong>Fahrgeschwindigkeiten<\/strong><\/span><\/p>\n<p><strong>\u00a7 98 KFG i.V.m. 58 KDV: <\/strong><\/p>\n<p>-beim Ziehen eines anderen als leichten Anh\u00e4ngers, wenn die Summe der h\u00f6chsten zul\u00e4ssigen Gesamtgewichte beider Fahrzeuge 3 500 kg <strong>nicht<\/strong> \u00fcbersteigt<strong>\u00a0\u00a0\u00a0\u00a0\u00a0\u00a0\u00a0\u00a0\u00a0\u00a0\u00a0\u00a0\u00a0\u00a0\u00a0\u00a0\u00a0 <\/strong><\/p>\n<p><strong>Ortsgebiet:\u00a0\u00a0\u00a0\u00a0\u00a0\u00a0\u00a0\u00a0\u00a0\u00a0\u00a0\u00a0\u00a0\u00a0\u00a0\u00a0\u00a0\u00a0\u00a0\u00a0\u00a0\u00a0\u00a0\u00a0\u00a0\u00a0\u00a0\u00a0\u00a0\u00a0\u00a0\u00a0\u00a0\u00a0\u00a0\u00a0\u00a0\u00a0\u00a0\u00a0\u00a0\u00a0\u00a0\u00a0\u00a0\u00a0\u00a0\u00a0\u00a0\u00a0\u00a0\u00a0\u00a0\u00a0\u00a0\u00a0\u00a0\u00a0\u00a0\u00a0\u00a0\u00a0\u00a0\u00a0\u00a0\u00a0\u00a0\u00a0\u00a0\u00a0 50 km\/h<br \/>\nFreilandstra\u00dfe:\u00a0\u00a0\u00a0\u00a0\u00a0\u00a0\u00a0\u00a0\u00a0\u00a0\u00a0\u00a0\u00a0\u00a0\u00a0\u00a0\u00a0\u00a0\u00a0\u00a0\u00a0\u00a0\u00a0\u00a0\u00a0\u00a0\u00a0\u00a0\u00a0\u00a0\u00a0\u00a0\u00a0\u00a0\u00a0\u00a0\u00a0\u00a0\u00a0\u00a0\u00a0\u00a0\u00a0\u00a0\u00a0\u00a0\u00a0\u00a0\u00a0\u00a0\u00a0\u00a0\u00a0\u00a0\u00a0\u00a0\u00a0\u00a0\u00a0\u00a0\u00a0 80 km\/h<br \/>\n<\/strong><strong>Autobahnen:\u00a0\u00a0\u00a0\u00a0\u00a0\u00a0\u00a0\u00a0\u00a0\u00a0\u00a0\u00a0\u00a0\u00a0\u00a0\u00a0\u00a0\u00a0\u00a0\u00a0\u00a0\u00a0\u00a0\u00a0\u00a0\u00a0\u00a0\u00a0\u00a0\u00a0\u00a0\u00a0\u00a0\u00a0\u00a0\u00a0\u00a0\u00a0\u00a0\u00a0\u00a0\u00a0\u00a0\u00a0\u00a0\u00a0\u00a0\u00a0\u00a0\u00a0\u00a0\u00a0\u00a0\u00a0\u00a0\u00a0\u00a0\u00a0\u00a0\u00a0\u00a0\u00a0\u00a0\u00a0\u00a0\u00a0 100 km\/h<\/strong><\/p>\n<p><strong>\u00a0<\/strong>-beim Ziehen eines anderen als leichten Anh\u00e4ngers, wenn die Summe der h\u00f6chsten zul\u00e4ssigen Gesamtgewichte beider Fahrzeuge 3 500 kg \u00fcbersteigt<strong>\u00a0\u00a0\u00a0\u00a0\u00a0\u00a0\u00a0\u00a0\u00a0\u00a0\u00a0\u00a0\u00a0\u00a0\u00a0\u00a0\u00a0\u00a0\u00a0\u00a0\u00a0\u00a0\u00a0\u00a0\u00a0\u00a0\u00a0\u00a0\u00a0 <\/strong><\/p>\n<p><strong>Ortsgebiet:\u00a0\u00a0\u00a0\u00a0\u00a0\u00a0\u00a0\u00a0\u00a0\u00a0\u00a0\u00a0\u00a0\u00a0\u00a0\u00a0\u00a0\u00a0\u00a0\u00a0\u00a0\u00a0\u00a0\u00a0\u00a0\u00a0\u00a0\u00a0\u00a0\u00a0\u00a0\u00a0\u00a0\u00a0\u00a0\u00a0\u00a0\u00a0\u00a0\u00a0\u00a0\u00a0\u00a0\u00a0\u00a0\u00a0\u00a0\u00a0\u00a0\u00a0\u00a0\u00a0\u00a0\u00a0\u00a0\u00a0\u00a0\u00a0\u00a0\u00a0\u00a0\u00a0\u00a0\u00a0\u00a0\u00a0\u00a0\u00a0\u00a0\u00a0 50 km\/h<br \/>\nFreilandstra\u00dfe:\u00a0\u00a0\u00a0\u00a0\u00a0\u00a0\u00a0\u00a0\u00a0\u00a0\u00a0\u00a0\u00a0\u00a0\u00a0\u00a0\u00a0\u00a0\u00a0\u00a0\u00a0\u00a0\u00a0\u00a0\u00a0\u00a0\u00a0\u00a0\u00a0\u00a0\u00a0\u00a0\u00a0\u00a0\u00a0\u00a0\u00a0\u00a0\u00a0\u00a0\u00a0\u00a0\u00a0\u00a0\u00a0\u00a0\u00a0\u00a0\u00a0\u00a0\u00a0\u00a0\u00a0\u00a0\u00a0\u00a0\u00a0\u00a0\u00a0\u00a0\u00a0 70 km\/h<br \/>\n<\/strong><strong>Autobahnen:\u00a0\u00a0\u00a0\u00a0\u00a0\u00a0\u00a0\u00a0\u00a0\u00a0\u00a0\u00a0\u00a0\u00a0\u00a0\u00a0\u00a0\u00a0\u00a0\u00a0\u00a0\u00a0\u00a0\u00a0\u00a0\u00a0\u00a0\u00a0\u00a0\u00a0\u00a0\u00a0\u00a0\u00a0\u00a0\u00a0\u00a0\u00a0\u00a0\u00a0\u00a0\u00a0\u00a0\u00a0\u00a0\u00a0\u00a0\u00a0\u00a0\u00a0\u00a0\u00a0\u00a0\u00a0\u00a0\u00a0\u00a0\u00a0\u00a0\u00a0\u00a0\u00a0\u00a0\u00a0\u00a0\u00a0 80 km\/h<\/strong><\/p>\n<p>&nbsp;<\/p>\n<p><span style=\"color: #0000ff;\"><strong>Vorspringende Kanten und Teile<\/strong><\/span><\/p>\n<p><strong>\u00a7 4 Abs. 2 KFG i.V.m. \u00a7 1a Abs. 5 KDV: <\/strong><\/p>\n<p>(5) Teile und Vorrichtungen, die den \u00fcbrigen \u00e4u\u00dfersten Rand des Fahrzeuges nach vorne oder nach hinten um <strong>mehr als 1 m \u00fcberragen<\/strong>, m\u00fcssen gem\u00e4\u00df \u00a7 59 Abs. 1 gekennzeichnet sein.<\/p>\n<p><strong>\u00a7 59 Abs. 1 KDV<\/strong><\/p>\n<p>(1) Der \u00e4u\u00dferste Punkt eines \u00fcber den vordersten oder den hintersten Punkt des Fahrzeuges hinausragenden Teiles der Ladung (\u00a7 101 Abs. 4 des Kraftfahrgesetzes 1967) muss durch eine 25 cm x 40 cm gro\u00dfe, wei\u00dfe Tafel mit einem roten, 5 cm breiten Rand erkennbar gemacht sein. Die hinten an der Beladung angebrachte Tafel muss ann\u00e4hernd lotrecht und senkrecht zur L\u00e4ngsmittelebene des Fahrzeuges eingestellt sein und darf nicht mehr als 90 cm \u00fcber der Fahrbahn liegen. Ihr roter Rand muss r\u00fcckstrahlend sein. <strong>Die Anbringung dieser Tafel ist jedoch nicht erforderlich, wenn reflektierende Warnmarkierungen gem\u00e4\u00df \u00a7 52 Abs. 5 lit. c angebracht sind.<\/strong> W\u00e4hrend der D\u00e4mmerung, bei Dunkelheit oder Nebel oder dann, wenn es die Witterung sonst erfordert, m\u00fcssen die \u00e4u\u00dfersten Punkte der Ladung mit je einer Leuchte und einem R\u00fcckstrahler versehen sein; mit der vorne angebrachten Leuchte muss nach vorne wei\u00dfes, mit der hinten angebrachten nach hinten rotes Licht ausgestrahlt werden; mit dem vorne angebrachten R\u00fcckstrahler muss im Licht eines Scheinwerfers nach vorne wei\u00dfes oder gelbes, mit dem hinten angebrachten nach hinten rotes Licht r\u00fcckgestrahlt werden k\u00f6nnen.<br \/>\n<a href=\"https:\/\/www.ister.at\/Ister1\/wp-content\/uploads\/2015\/01\/languttafel.jpg\" rel=\"lightbox[8859]\"><img loading=\"lazy\" decoding=\"async\" class=\"aligncenter size-medium wp-image-8862\" src=\"https:\/\/www.ister.at\/Ister1\/wp-content\/uploads\/2015\/01\/languttafel-300x300.jpg\" alt=\"languttafel\" width=\"300\" height=\"300\" srcset=\"https:\/\/www.ister.at\/Ister1\/wp-content\/uploads\/2015\/01\/languttafel-300x300.jpg 300w, https:\/\/www.ister.at\/Ister1\/wp-content\/uploads\/2015\/01\/languttafel-150x150.jpg 150w, https:\/\/www.ister.at\/Ister1\/wp-content\/uploads\/2015\/01\/languttafel.jpg 600w\" sizes=\"auto, (max-width: 300px) 100vw, 300px\" \/><\/a><\/p>\n<div class=\"love\"><input  id=\"post_8859\" type=\"checkbox\" class=\"LoveCheck\"\/>\n                <label for=\"post_8859\" class=\"dashicons dashicons-heart LoveLabel\" aria-label=\"like this\"><\/label><span class=\"LoveCount\">0<\/span><\/div><!--\/love-->","protected":false},"excerpt":{"rendered":"<p>0Ziehen von Anh\u00e4ngern \u2013 Vorschriften! F\u00fchrerschein \u00a7 2 FSG: Klasse B: Kraftwagen mit nicht mehr als acht Pl\u00e4tzen f\u00fcr bef\u00f6rderte Personen au\u00dfer dem Lenkerplatz und mit einer h\u00f6chsten zul\u00e4ssigen Gesamtmasse von nicht mehr als 3500[&#8230;]<\/p>\n","protected":false},"author":2,"featured_media":0,"parent":8846,"menu_order":0,"comment_status":"closed","ping_status":"closed","template":"","meta":{"_monsterinsights_skip_tracking":false,"_monsterinsights_sitenote_active":false,"_monsterinsights_sitenote_note":"","_monsterinsights_sitenote_category":0,"footnotes":""},"class_list":["post-8859","page","type-page","status-publish","hentry"],"_links":{"self":[{"href":"https:\/\/www.ister.at\/Ister1\/index.php?rest_route=\/wp\/v2\/pages\/8859","targetHints":{"allow":["GET"]}}],"collection":[{"href":"https:\/\/www.ister.at\/Ister1\/index.php?rest_route=\/wp\/v2\/pages"}],"about":[{"href":"https:\/\/www.ister.at\/Ister1\/index.php?rest_route=\/wp\/v2\/types\/page"}],"author":[{"embeddable":true,"href":"https:\/\/www.ister.at\/Ister1\/index.php?rest_route=\/wp\/v2\/users\/2"}],"replies":[{"embeddable":true,"href":"https:\/\/www.ister.at\/Ister1\/index.php?rest_route=%2Fwp%2Fv2%2Fcomments&post=8859"}],"version-history":[{"count":3,"href":"https:\/\/www.ister.at\/Ister1\/index.php?rest_route=\/wp\/v2\/pages\/8859\/revisions"}],"predecessor-version":[{"id":8866,"href":"https:\/\/www.ister.at\/Ister1\/index.php?rest_route=\/wp\/v2\/pages\/8859\/revisions\/8866"}],"up":[{"embeddable":true,"href":"https:\/\/www.ister.at\/Ister1\/index.php?rest_route=\/wp\/v2\/pages\/8846"}],"wp:attachment":[{"href":"https:\/\/www.ister.at\/Ister1\/index.php?rest_route=%2Fwp%2Fv2%2Fmedia&parent=8859"}],"curies":[{"name":"wp","href":"https:\/\/api.w.org\/{rel}","templated":true}]}}