{"id":159,"date":"2013-12-05T14:58:11","date_gmt":"2013-12-05T13:58:11","guid":{"rendered":"http:\/\/christian-schramm.at\/Ister1\/?page_id=159"},"modified":"2026-01-17T19:59:26","modified_gmt":"2026-01-17T18:59:26","slug":"sponsoren","status":"publish","type":"page","link":"https:\/\/www.ister.at\/Ister1\/?page_id=159","title":{"rendered":"Sponsoren"},"content":{"rendered":"<div class=\"love\"><input  id=\"post_159\" type=\"checkbox\" class=\"LoveCheck\"\/>\n                <label for=\"post_159\" class=\"dashicons dashicons-heart LoveLabel\" aria-label=\"like this\"><\/label><span class=\"LoveCount\">0<\/span><\/div><!--\/love--><p style=\"text-align: left;\">Wir danken der<span style=\"color: #99cc00;\"> <a style=\"color: #99cc00;\" href=\"https:\/\/matmaker.at\/\" target=\"_blank\" rel=\"noopener noreferrer\">Fa. Matten Eder<\/a> <\/span>f\u00fcr ihre Unterst\u00fctzung beim j\u00e4hrlich stattfindenden Piratenball sowie den Zuwendungen bei Sportmaterial, sowie Sponsor eines Renneiners inklusive Skulls.<\/p>\n<p style=\"text-align: left;\"><a href=\"http:\/\/www.eder.at\/\" target=\"_blank\" rel=\"noopener noreferrer\"><img loading=\"lazy\" decoding=\"async\" class=\"aligncenter size-medium wp-image-13618\" src=\"https:\/\/www.ister.at\/Ister1\/wp-content\/uploads\/2017\/01\/Eder-300x173.jpg\" alt=\"\" width=\"300\" height=\"173\" srcset=\"https:\/\/www.ister.at\/Ister1\/wp-content\/uploads\/2017\/01\/Eder-300x173.jpg 300w, https:\/\/www.ister.at\/Ister1\/wp-content\/uploads\/2017\/01\/Eder.jpg 445w\" sizes=\"auto, (max-width: 300px) 100vw, 300px\" \/><\/a> <a href=\"http:\/\/www.eder.at\/\" target=\"_blank\" rel=\"noopener noreferrer\"><img loading=\"lazy\" decoding=\"async\" class=\"aligncenter size-medium wp-image-13619\" src=\"https:\/\/www.ister.at\/Ister1\/wp-content\/uploads\/2017\/01\/Eder-300x86.png\" alt=\"\" width=\"300\" height=\"86\" srcset=\"https:\/\/www.ister.at\/Ister1\/wp-content\/uploads\/2017\/01\/Eder-300x86.png 300w, https:\/\/www.ister.at\/Ister1\/wp-content\/uploads\/2017\/01\/Eder.png 329w\" sizes=\"auto, (max-width: 300px) 100vw, 300px\" \/><\/a><\/p>\n<p>Wir danken\u00a0Friseur<span style=\"color: #ffcc00;\"><a style=\"color: #ffcc00;\" href=\"http:\/\/www.friseur-juhu.at\" target=\"_blank\" rel=\"noopener noreferrer\"><strong> juhu<\/strong><\/a><\/span>, die f\u00fcr unsere Top-Athleten einen\u00a0Renneiner inklusive Skulls \u00a0zur Verf\u00fcgung stellt.<\/p>\n<p><a href=\"http:\/\/www.friseur-juhu.at\" target=\"_blank\" rel=\"noopener noreferrer\"><img loading=\"lazy\" decoding=\"async\" class=\"aligncenter size-medium wp-image-13452\" src=\"https:\/\/www.ister.at\/Ister1\/wp-content\/uploads\/2016\/12\/Juhu-300x240.jpg\" alt=\"\" width=\"300\" height=\"240\" \/><\/a><\/p>\n<p>Wir danken der Firma <span style=\"color: #333399;\"><strong><a style=\"color: #333399;\" href=\"http:\/\/asave.at\/\" target=\"_blank\" rel=\"noopener noreferrer\">ASAVE Security Service<\/a><\/strong><\/span> &#8211; SICHERHEIT DURCH QUALIT\u00c4T &#8211; als Sponsor f\u00fcr den PiratenBall<\/p>\n<p><a href=\"http:\/\/asave.at\/\" target=\"_blank\" rel=\"noopener noreferrer\"><img loading=\"lazy\" decoding=\"async\" class=\"aligncenter size-medium wp-image-13661\" src=\"https:\/\/www.ister.at\/Ister1\/wp-content\/uploads\/2017\/02\/asave_300-300x153.jpg\" alt=\"\" width=\"300\" height=\"153\" \/><\/a><\/p>\n<p style=\"text-align: left;\">Wir danken der <span style=\"color: #333399;\"><strong><a style=\"color: #333399;\" href=\"http:\/\/www.papinski.com\/\" target=\"_blank\" rel=\"noopener noreferrer\">Fa. Karosserie Papinski <\/a><\/strong><\/span>f\u00fcr ihre jahrelange Unterst\u00fctzung durch Servicierung und Reparatur unseres Fuhrparks.<\/p>\n<h6 style=\"text-align: center;\">\u00a0<strong><span style=\"color: #001980;\">Autos in Form zu bringen, sie in Form zu halten\u00a0<\/span><\/strong><br \/><strong><span style=\"color: #001980;\">und immer die Mobilit\u00e4t ihrer Besitzer im Auge\u00a0zu haben, <\/span><\/strong><br \/><strong><span style=\"color: #001980;\">ist unsere Mission.<\/span><\/strong><\/h6>\n<p><a href=\"http:\/\/www.papinski.com\/\" target=\"_blank\" rel=\"noopener noreferrer\"><img loading=\"lazy\" decoding=\"async\" class=\"aligncenter wp-image-12626 size-full\" src=\"https:\/\/www.ister.at\/Ister1\/wp-content\/uploads\/2013\/12\/Papinski-Logo.jpg\" alt=\"Papinski Logo\" width=\"373\" height=\"91\" srcset=\"https:\/\/www.ister.at\/Ister1\/wp-content\/uploads\/2013\/12\/Papinski-Logo.jpg 373w, https:\/\/www.ister.at\/Ister1\/wp-content\/uploads\/2013\/12\/Papinski-Logo-300x73.jpg 300w\" sizes=\"auto, (max-width: 373px) 100vw, 373px\" \/><\/a><\/p>\n<p>Wir bedanken uns bei Herrn <strong><a href=\"http:\/\/www.rfl-linz.at\/de\/broker.php\" target=\"_blank\" rel=\"noopener noreferrer\">Robert Reininger<\/a><\/strong> &#8211; Ihr Versicherungsmakler &#8211; f\u00fcr die gro\u00dfz\u00fcgige Unterst\u00fctzung beim Ankauf des neuen Rennbootes &#8222;Fantastic 4&#8220;.<\/p>\n<p><a href=\"http:\/\/www.rfl-linz.at\/de\/broker.php\" target=\"_blank\" rel=\"noopener noreferrer\"><img loading=\"lazy\" decoding=\"async\" class=\"wp-image-10199 size-medium aligncenter\" src=\"https:\/\/www.ister.at\/Ister1\/wp-content\/uploads\/2013\/12\/rfl_logo-300x189.jpg\" alt=\"rfl_logo\" width=\"300\" height=\"189\" srcset=\"https:\/\/www.ister.at\/Ister1\/wp-content\/uploads\/2013\/12\/rfl_logo-300x189.jpg 300w, https:\/\/www.ister.at\/Ister1\/wp-content\/uploads\/2013\/12\/rfl_logo.jpg 342w\" sizes=\"auto, (max-width: 300px) 100vw, 300px\" \/><\/a><\/p>\n<div class=\"wp-caption-dd\">Wir danken der Firma <a href=\"https:\/\/wohlschlager-redl.at\/\" target=\"_blank\" rel=\"noopener noreferrer\">Wohlschlager-Redl<\/a> bei der Unterst\u00fctzung unserer Renovierungsarbeiten am Bootshaus im Winterhafen im Jahre 2019.<\/div>\n<div>\u00a0<\/div>\n<div><a href=\"https:\/\/wohlschlager-redl.at\/\" target=\"_blank\" rel=\"noopener noreferrer\"><img loading=\"lazy\" decoding=\"async\" class=\"alignnone size-medium wp-image-16671 aligncenter\" src=\"https:\/\/www.ister.at\/Ister1\/wp-content\/uploads\/2019\/07\/WSR-Logo-Claim-300x124.jpg\" alt=\"\" width=\"300\" height=\"124\" srcset=\"https:\/\/www.ister.at\/Ister1\/wp-content\/uploads\/2019\/07\/WSR-Logo-Claim-300x124.jpg 300w, https:\/\/www.ister.at\/Ister1\/wp-content\/uploads\/2019\/07\/WSR-Logo-Claim-768x316.jpg 768w, https:\/\/www.ister.at\/Ister1\/wp-content\/uploads\/2019\/07\/WSR-Logo-Claim-1024x422.jpg 1024w, https:\/\/www.ister.at\/Ister1\/wp-content\/uploads\/2019\/07\/WSR-Logo-Claim.jpg 1194w\" sizes=\"auto, (max-width: 300px) 100vw, 300px\" \/><\/a><\/div>\n<p style=\"text-align: center;\"><strong>Wir danken den weiteren Sponsoren des PiratenBalls und Unterst\u00fctzer unserer Jugendmannschaft:<\/strong><\/p>\n<p><a href=\"http:\/\/www.hasenoehrl.at\"><img loading=\"lazy\" decoding=\"async\" class=\"size-medium wp-image-17011 aligncenter\" src=\"https:\/\/www.ister.at\/Ister1\/wp-content\/uploads\/2019\/10\/hasenoehrl-logo-2019-300x187.png\" alt=\"\" width=\"300\" height=\"187\" srcset=\"https:\/\/www.ister.at\/Ister1\/wp-content\/uploads\/2019\/10\/hasenoehrl-logo-2019-300x187.png 300w, https:\/\/www.ister.at\/Ister1\/wp-content\/uploads\/2019\/10\/hasenoehrl-logo-2019-768x478.png 768w, https:\/\/www.ister.at\/Ister1\/wp-content\/uploads\/2019\/10\/hasenoehrl-logo-2019-1024x637.png 1024w, https:\/\/www.ister.at\/Ister1\/wp-content\/uploads\/2019\/10\/hasenoehrl-logo-2019.png 1148w\" sizes=\"auto, (max-width: 300px) 100vw, 300px\" \/><\/a><\/p>\n<p><a href=\"http:\/\/www.elfin.at\/startseite.html\" target=\"_blank\" rel=\"noopener noreferrer\"><img loading=\"lazy\" decoding=\"async\" class=\"aligncenter size-medium wp-image-13663\" src=\"https:\/\/www.ister.at\/Ister1\/wp-content\/uploads\/2017\/02\/Elfin-300x199.jpg\" alt=\"\" width=\"300\" height=\"199\" srcset=\"https:\/\/www.ister.at\/Ister1\/wp-content\/uploads\/2017\/02\/Elfin.jpg 300w, https:\/\/www.ister.at\/Ister1\/wp-content\/uploads\/2017\/02\/Elfin-120x80.jpg 120w\" sizes=\"auto, (max-width: 300px) 100vw, 300px\" \/><\/a><\/p>\n<p><a href=\"http:\/\/www.digicut.at\" target=\"_blank\" rel=\"noopener noreferrer\"><img loading=\"lazy\" decoding=\"async\" class=\"aligncenter size-medium wp-image-13662\" src=\"https:\/\/www.ister.at\/Ister1\/wp-content\/uploads\/2017\/02\/Digicut-300x193.jpg\" alt=\"\" width=\"300\" height=\"193\" \/><\/a><\/p>\n<p><a href=\"https:\/\/www.stone-care.at\/\"><img loading=\"lazy\" decoding=\"async\" class=\"size-medium wp-image-17012 aligncenter\" src=\"https:\/\/www.ister.at\/Ister1\/wp-content\/uploads\/2019\/10\/SC-black-300x105.jpg\" alt=\"\" width=\"300\" height=\"105\" srcset=\"https:\/\/www.ister.at\/Ister1\/wp-content\/uploads\/2019\/10\/SC-black-300x105.jpg 300w, https:\/\/www.ister.at\/Ister1\/wp-content\/uploads\/2019\/10\/SC-black-768x270.jpg 768w, https:\/\/www.ister.at\/Ister1\/wp-content\/uploads\/2019\/10\/SC-black-1024x360.jpg 1024w\" sizes=\"auto, (max-width: 300px) 100vw, 300px\" \/><\/a><\/p>\n<p><a href=\"https:\/\/rht-bau.at\/\"><img loading=\"lazy\" decoding=\"async\" class=\"size-medium wp-image-17013 aligncenter\" src=\"https:\/\/www.ister.at\/Ister1\/wp-content\/uploads\/2019\/10\/RHT-Logo-300x66.jpg\" alt=\"\" width=\"300\" height=\"66\" srcset=\"https:\/\/www.ister.at\/Ister1\/wp-content\/uploads\/2019\/10\/RHT-Logo-300x66.jpg 300w, https:\/\/www.ister.at\/Ister1\/wp-content\/uploads\/2019\/10\/RHT-Logo-768x170.jpg 768w, https:\/\/www.ister.at\/Ister1\/wp-content\/uploads\/2019\/10\/RHT-Logo-1024x226.jpg 1024w\" sizes=\"auto, (max-width: 300px) 100vw, 300px\" \/><\/a><\/p>\n<p><a href=\"https:\/\/www.ardex.at\/\"><img loading=\"lazy\" decoding=\"async\" class=\"size-medium wp-image-22455 aligncenter\" src=\"https:\/\/www.ister.at\/Ister1\/wp-content\/uploads\/2026\/01\/ARDEX-300x260.jpg\" alt=\"\" width=\"300\" height=\"260\" srcset=\"https:\/\/www.ister.at\/Ister1\/wp-content\/uploads\/2026\/01\/ARDEX-300x260.jpg 300w, https:\/\/www.ister.at\/Ister1\/wp-content\/uploads\/2026\/01\/ARDEX-1024x887.jpg 1024w, https:\/\/www.ister.at\/Ister1\/wp-content\/uploads\/2026\/01\/ARDEX-768x665.jpg 768w, https:\/\/www.ister.at\/Ister1\/wp-content\/uploads\/2026\/01\/ARDEX-1536x1330.jpg 1536w, https:\/\/www.ister.at\/Ister1\/wp-content\/uploads\/2026\/01\/ARDEX.jpg 2000w\" sizes=\"auto, (max-width: 300px) 100vw, 300px\" \/><\/a><\/p>\n<p style=\"text-align: center;\"><a title=\"M\u00f6glichkeiten Sponsoring\" href=\"https:\/\/www.ister.at\/Ister1\/?page_id=909\">M\u00f6glichkeiten f\u00fcr Platzierung ihrer Werbung!<\/a><\/p>\n\n\n<p><\/p>\n<div class=\"love\"><input  id=\"post_159\" type=\"checkbox\" class=\"LoveCheck\"\/>\n                <label for=\"post_159\" class=\"dashicons dashicons-heart LoveLabel\" aria-label=\"like this\"><\/label><span class=\"LoveCount\">0<\/span><\/div><!--\/love-->","protected":false},"excerpt":{"rendered":"<p>0 Wir danken der Fa. Matten Eder f\u00fcr ihre Unterst\u00fctzung beim j\u00e4hrlich stattfindenden Piratenball sowie den Zuwendungen bei Sportmaterial, sowie Sponsor eines Renneiners inklusive Skulls. Wir danken\u00a0Friseur juhu, die f\u00fcr unsere Top-Athleten einen\u00a0Renneiner inklusive Skulls[&#8230;]<\/p>\n","protected":false},"author":1,"featured_media":0,"parent":0,"menu_order":0,"comment_status":"closed","ping_status":"closed","template":"","meta":{"_monsterinsights_skip_tracking":false,"_monsterinsights_sitenote_active":false,"_monsterinsights_sitenote_note":"","_monsterinsights_sitenote_category":0,"footnotes":""},"class_list":["post-159","page","type-page","status-publish","hentry"],"_links":{"self":[{"href":"https:\/\/www.ister.at\/Ister1\/index.php?rest_route=\/wp\/v2\/pages\/159","targetHints":{"allow":["GET"]}}],"collection":[{"href":"https:\/\/www.ister.at\/Ister1\/index.php?rest_route=\/wp\/v2\/pages"}],"about":[{"href":"https:\/\/www.ister.at\/Ister1\/index.php?rest_route=\/wp\/v2\/types\/page"}],"author":[{"embeddable":true,"href":"https:\/\/www.ister.at\/Ister1\/index.php?rest_route=\/wp\/v2\/users\/1"}],"replies":[{"embeddable":true,"href":"https:\/\/www.ister.at\/Ister1\/index.php?rest_route=%2Fwp%2Fv2%2Fcomments&post=159"}],"version-history":[{"count":33,"href":"https:\/\/www.ister.at\/Ister1\/index.php?rest_route=\/wp\/v2\/pages\/159\/revisions"}],"predecessor-version":[{"id":22457,"href":"https:\/\/www.ister.at\/Ister1\/index.php?rest_route=\/wp\/v2\/pages\/159\/revisions\/22457"}],"wp:attachment":[{"href":"https:\/\/www.ister.at\/Ister1\/index.php?rest_route=%2Fwp%2Fv2%2Fmedia&parent=159"}],"curies":[{"name":"wp","href":"https:\/\/api.w.org\/{rel}","templated":true}]}}