{"id":14893,"date":"2018-02-03T10:56:23","date_gmt":"2018-02-03T09:56:23","guid":{"rendered":"http:\/\/www.ister.at\/?page_id=14893"},"modified":"2018-11-24T20:02:44","modified_gmt":"2018-11-24T19:02:44","slug":"ergebnisse-2018","status":"publish","type":"page","link":"https:\/\/www.ister.at\/Ister1\/?page_id=14893","title":{"rendered":"Ergebnisse 2018"},"content":{"rendered":"<div class=\"love\"><input  id=\"post_14893\" type=\"checkbox\" class=\"LoveCheck\"\/>\n                <label for=\"post_14893\" class=\"dashicons dashicons-heart LoveLabel\" aria-label=\"like this\"><\/label><span class=\"LoveCount\">0<\/span><\/div><!--\/love--><p><a href=\"https:\/\/www.ister.at\/Ister1\/wp-content\/uploads\/2018\/11\/Platzierungen_2018_04.pdf\" target=\"_blank\" rel=\"noopener\">Platzierungsliste 2018<\/a><\/p>\n<p><strong>Gislauf der Ruderer, 17.11.2018<\/strong><br \/>\n<a href=\"https:\/\/www.ister.at\/Ister1\/wp-content\/uploads\/2018\/11\/RudererGislauf-Sch\u00fc-2018.pdf\" target=\"_blank\" rel=\"noopener\">Ergebnis Sch\u00fcler\/Innen<\/a><br \/>\n<a href=\"https:\/\/www.ister.at\/Ister1\/wp-content\/uploads\/2018\/11\/Ruderer-Gislauf-2018.pdf\" target=\"_blank\" rel=\"noopener\">Ergebnis allgemein<\/a><\/p>\n<p><strong>Rose vom W\u00f6rthersee, 13.10.2018<\/strong><br \/>\n<a href=\"https:\/\/www.ister.at\/Ister1\/wp-content\/uploads\/2018\/10\/Skiffregatta-ROSE-VOM-W\u00d6RTHERSEE.pdf\" target=\"_blank\" rel=\"noopener\">Gesamtergebnis<\/a><\/p>\n<p><strong>Head of Prague, 13.10.2018<\/strong><br \/>\n<a href=\"https:\/\/www.ister.at\/Ister1\/wp-content\/uploads\/2018\/10\/head_of_prague_vysledky_2018.pdf\" target=\"_blank\" rel=\"noopener\">Gesamtergebnis<\/a><\/p>\n<p><strong>O\u00d6 Landesmeisterschaften Ottensheim, 29.09.2018<\/strong><br \/>\n<a href=\"https:\/\/www.ister.at\/Ister1\/wp-content\/uploads\/2018\/09\/Ergebnis-O\u00d6LM-2018.pdf\" target=\"_blank\" rel=\"noopener\">Gesamtergebnis<\/a><\/p>\n<p><strong>\u00d6sterr. Staatsmeisterschaften Villach, 21.-23.09.2018<\/strong><br \/>\n<a href=\"https:\/\/www.ister.at\/Ister1\/wp-content\/uploads\/2018\/09\/2018_Ergebnis_OEM_gesamt2.pdf\" target=\"_blank\" rel=\"noopener\">Gesamtergebnis<\/a><\/p>\n<p><strong>Blaues Band vom W\u00f6rthersee<\/strong><br \/>\n<a href=\"https:\/\/www.ister.at\/Ister1\/wp-content\/uploads\/2018\/09\/ergebnisse-2018.pdf\" target=\"_blank\" rel=\"noopener\">Gesamtergebnis<\/a><\/p>\n<p><strong>57. Internationale Villacher Regatta, 08. &#8211; 09.09.2018<\/strong><br \/>\n<a href=\"https:\/\/www.ister.at\/Ister1\/wp-content\/uploads\/2018\/09\/2018_Ergebnis_Sa.pdf\" target=\"_blank\" rel=\"noopener\">Ergebnisse Samstag<\/a><br \/>\n<a href=\"https:\/\/www.ister.at\/Ister1\/wp-content\/uploads\/2018\/09\/2018_Ergebnis_So.pdf\" target=\"_blank\" rel=\"noopener\">Ergebnisse Sonntag<\/a><\/p>\n<p><strong>6 L\u00e4nder Jugend- und Sch\u00fclervergleichskampf Villach, 07.09.2018<\/strong><br \/>\n<a href=\"https:\/\/www.ister.at\/Ister1\/wp-content\/uploads\/2018\/09\/2018_Ergebnis-LAe.pdf\" target=\"_blank\" rel=\"noopener\">Ergebnisse<\/a><\/p>\n<p><strong>U23 Europameisterschaften Brest\/Wei\u00dfrussland, 01. &#8211; 02.09.2018<\/strong><br \/>\n<a href=\"https:\/\/www.ister.at\/Ister1\/wp-content\/uploads\/2018\/09\/2x-heat.pdf\" target=\"_blank\" rel=\"noopener\">2x Vorlauf<\/a><br \/>\n<a href=\"https:\/\/www.ister.at\/Ister1\/wp-content\/uploads\/2018\/09\/2x-FA.pdf\" target=\"_blank\" rel=\"noopener\">2x Finale A<\/a><\/p>\n<p><strong>Euro\u00a0Masters Regatta &#8211; M\u00fcnchen, 26. &#8211; 29.07.2018<br \/>\n<\/strong><a href=\"https:\/\/www.ister.at\/Ister1\/wp-content\/uploads\/2018\/07\/2018_Euro_Masters_Regatta_RESULTS_OF_EVENT1.pdf\" target=\"_blank\" rel=\"noopener\">Gesamtergebnis<\/a><\/p>\n<p><strong>Coupe de la Jeunesse, Cork\/Irland, 27. &#8211; 29.07.2018<\/strong><br \/>\n<a href=\"https:\/\/www.ister.at\/Ister1\/wp-content\/uploads\/2018\/07\/Results-4-Samstag.pdf\" target=\"_blank\" rel=\"noopener\">Vierer ohne Ergebnisse Samstag<\/a><br \/>\n<a href=\"https:\/\/www.ister.at\/Ister1\/wp-content\/uploads\/2018\/07\/Results-4-Sonntag.pdf\" target=\"_blank\" rel=\"noopener\">Vierer ohne Ergebnisse Sonntag<\/a><\/p>\n<p><strong>Traunsee Jugend und Masters \u00d6M, 07.07.2018<\/strong><br \/>\n<a href=\"https:\/\/www.ister.at\/Ister1\/wp-content\/uploads\/2018\/07\/2018_Gesamtergebnis_Traunsee_\u00d6MM.pdf\" target=\"_blank\" rel=\"noopener\">Gesamtergebnis<\/a><\/p>\n<p><strong>Welt Cup II Ottensheim, 22. &#8211; 24.06.2018<\/strong><br \/>\n<a href=\"https:\/\/www.ister.at\/Ister1\/wp-content\/uploads\/2018\/06\/W2x-Heat.pdf\" target=\"_blank\" rel=\"noopener\">W2x Vorlauf<\/a><br \/>\n<a href=\"https:\/\/www.ister.at\/Ister1\/wp-content\/uploads\/2018\/06\/W2x-Rep.pdf\" target=\"_blank\" rel=\"noopener\">W2x Hoffnungslauf<\/a><br \/>\n<a href=\"https:\/\/www.ister.at\/Ister1\/wp-content\/uploads\/2018\/06\/W2x-Finale-B.pdf\" target=\"_blank\" rel=\"noopener\">W2x Finale B<\/a><\/p>\n<p><strong>115. Wiener Int. Regatta, 15. &#8211; 17.06.2018<\/strong><br \/>\n<a href=\"https:\/\/www.ister.at\/Ister1\/wp-content\/uploads\/2018\/06\/WIRR-2018-Ergebnis-Samstag.pdf\" target=\"_blank\" rel=\"noopener\">Ergebnisse Samstag<\/a><br \/>\n<a href=\"https:\/\/www.ister.at\/Ister1\/wp-content\/uploads\/2018\/06\/WIRR-2018-Ergebnis-Sonntag.pdf\" target=\"_blank\" rel=\"noopener\">Ergebnisse Sonntag<\/a><\/p>\n<p><strong>Intern. Regatta Bled, 15. &#8211; 17.06.2018<\/strong><br \/>\n<a href=\"https:\/\/www.ister.at\/Ister1\/wp-content\/uploads\/2018\/06\/Results-Finals-Day-1.pdf\" target=\"_blank\" rel=\"noopener\">Finale Samstag Lgw. 2x<\/a><br \/>\n<a href=\"https:\/\/www.ister.at\/Ister1\/wp-content\/uploads\/2018\/06\/Results-Heats-Day-2.pdf\" target=\"_blank\" rel=\"noopener\">Vorlauf Sonntag W2x<\/a><br \/>\n<a href=\"https:\/\/www.ister.at\/Ister1\/wp-content\/uploads\/2018\/06\/Results-Finals-Day-2.pdf\" target=\"_blank\" rel=\"noopener\">Finale Sonntag W2x<\/a><\/p>\n<p><strong>EUROW Ottensheim, 26. &#8211; 27.05.2018<\/strong><br \/>\n<a href=\"https:\/\/www.ister.at\/Ister1\/wp-content\/uploads\/2018\/06\/Ergebnis_Samstag_Gesamt.pdf\" target=\"_blank\" rel=\"noopener\">Ergebnis Samstag<\/a><br \/>\n<a href=\"https:\/\/www.ister.at\/Ister1\/wp-content\/uploads\/2018\/06\/Ergebnisse_Sonntag_Gesamt.pdf\" target=\"_blank\" rel=\"noopener\">Ergebnis Sonntag<\/a><\/p>\n<p><strong>Wiener Achter &#8211; Donaukanal, 12.05.2018<\/strong><br \/>\n<a href=\"https:\/\/www.ister.at\/Ister1\/wp-content\/uploads\/2018\/05\/Overall-2018-\u2013-WIENERACHTER-2018.pdf\" target=\"_blank\" rel=\"noopener\">Gesamtergebnis<\/a><\/p>\n<p><strong>Ruderbundesliga 1. Lauf Frankfurt, 12.05.2018<\/strong><br \/>\n<a href=\"https:\/\/www.ister.at\/Ister1\/wp-content\/uploads\/2018\/05\/Gesamtergebnis.pdf\" target=\"_blank\" rel=\"noopener\">Gesamtergebnis<\/a><\/p>\n<p><strong>Intern. Jugendregatta M\u00fcnchen, 05.\/06.05.2018<\/strong><br \/>\n<a href=\"https:\/\/www.ister.at\/Ister1\/wp-content\/uploads\/2018\/05\/1.__International_DRV_Junior_Regatta_2018_Results.pdf\" target=\"_blank\" rel=\"noopener\">Gesamtergebnis<\/a><\/p>\n<p><strong>10\/20 Kilometer Mondsee, 28.04.2018<\/strong><br \/>\n<a href=\"https:\/\/www.ister.at\/Ister1\/wp-content\/uploads\/2018\/05\/Ergebnisliste-Langstrecke-2018-Mondsee.pdf\" target=\"_blank\" rel=\"noopener\">Gesamtergebnis<\/a><\/p>\n<p><strong>Intern. Regatta Klagenfurt, 20. &#8211; 22.04.2018<br \/>\n<\/strong><a href=\"https:\/\/www.ister.at\/Ister1\/wp-content\/uploads\/2018\/04\/180421_Ergebnisse-Samstag.pdf\" target=\"_blank\" rel=\"noopener\">Ergebnisse Samstag<\/a><br \/>\n<a href=\"https:\/\/www.ister.at\/Ister1\/wp-content\/uploads\/2018\/04\/180422_Ergebnisse-Sonntag.pdf\" target=\"_blank\" rel=\"noopener\">Ergebnisse Sonntag<\/a><\/p>\n<p><strong>Intern. Regatta Zagreb, 14. &#8211; 15.04.2018<\/strong><br \/>\n<a href=\"https:\/\/www.ister.at\/Ister1\/wp-content\/uploads\/2018\/04\/Results_Heats_Saturday.pdf\" target=\"_blank\" rel=\"noopener\">Vorlauf Samstag<\/a><br \/>\n<a href=\"https:\/\/www.ister.at\/Ister1\/wp-content\/uploads\/2018\/04\/results_sunday_finals.pdf\" target=\"_blank\" rel=\"noopener\">Finale Samstag<\/a><br \/>\n<a href=\"https:\/\/www.ister.at\/Ister1\/wp-content\/uploads\/2018\/04\/Zbirni_rezultati_heats_sunday.pdf\" target=\"_blank\" rel=\"noopener\">Vorlauf Sonntag<\/a><br \/>\n<a href=\"https:\/\/www.ister.at\/Ister1\/wp-content\/uploads\/2018\/04\/zbirni_finala_Saturday.pdf\" target=\"_blank\" rel=\"noopener\">Finale Sonntag<\/a><\/p>\n<p><strong>40. Inn River Race, 07.04.2018<\/strong><br \/>\n<a href=\"https:\/\/www.ister.at\/Ister1\/wp-content\/uploads\/2018\/04\/Endergebnis_Passau_2018.pdf\" target=\"_blank\" rel=\"noopener\">Gesamtergebnis<\/a><\/p>\n<p><strong>28. Austrian Indoor Championships Wien, 28.01.2018<\/strong><br \/>\n<a href=\"https:\/\/www.ister.at\/Ister1\/wp-content\/uploads\/2018\/02\/Gesamtergebnis2018_Indoor.pdf\" target=\"_blank\" rel=\"noopener\">Gesamtergebnis<\/a><\/p>\n<div class=\"love\"><input  id=\"post_14893\" type=\"checkbox\" class=\"LoveCheck\"\/>\n                <label for=\"post_14893\" class=\"dashicons dashicons-heart LoveLabel\" aria-label=\"like this\"><\/label><span class=\"LoveCount\">0<\/span><\/div><!--\/love-->","protected":false},"excerpt":{"rendered":"<p>0Platzierungsliste 2018 Gislauf der Ruderer, 17.11.2018 Ergebnis Sch\u00fcler\/Innen Ergebnis allgemein Rose vom W\u00f6rthersee, 13.10.2018 Gesamtergebnis Head of Prague, 13.10.2018 Gesamtergebnis O\u00d6 Landesmeisterschaften Ottensheim, 29.09.2018 Gesamtergebnis \u00d6sterr. Staatsmeisterschaften Villach, 21.-23.09.2018 Gesamtergebnis Blaues Band vom W\u00f6rthersee Gesamtergebnis[&#8230;]<\/p>\n","protected":false},"author":2,"featured_media":0,"parent":138,"menu_order":0,"comment_status":"closed","ping_status":"closed","template":"","meta":{"_monsterinsights_skip_tracking":false,"_monsterinsights_sitenote_active":false,"_monsterinsights_sitenote_note":"","_monsterinsights_sitenote_category":0,"footnotes":""},"class_list":["post-14893","page","type-page","status-publish","hentry"],"_links":{"self":[{"href":"https:\/\/www.ister.at\/Ister1\/index.php?rest_route=\/wp\/v2\/pages\/14893","targetHints":{"allow":["GET"]}}],"collection":[{"href":"https:\/\/www.ister.at\/Ister1\/index.php?rest_route=\/wp\/v2\/pages"}],"about":[{"href":"https:\/\/www.ister.at\/Ister1\/index.php?rest_route=\/wp\/v2\/types\/page"}],"author":[{"embeddable":true,"href":"https:\/\/www.ister.at\/Ister1\/index.php?rest_route=\/wp\/v2\/users\/2"}],"replies":[{"embeddable":true,"href":"https:\/\/www.ister.at\/Ister1\/index.php?rest_route=%2Fwp%2Fv2%2Fcomments&post=14893"}],"version-history":[{"count":30,"href":"https:\/\/www.ister.at\/Ister1\/index.php?rest_route=\/wp\/v2\/pages\/14893\/revisions"}],"predecessor-version":[{"id":16015,"href":"https:\/\/www.ister.at\/Ister1\/index.php?rest_route=\/wp\/v2\/pages\/14893\/revisions\/16015"}],"up":[{"embeddable":true,"href":"https:\/\/www.ister.at\/Ister1\/index.php?rest_route=\/wp\/v2\/pages\/138"}],"wp:attachment":[{"href":"https:\/\/www.ister.at\/Ister1\/index.php?rest_route=%2Fwp%2Fv2%2Fmedia&parent=14893"}],"curies":[{"name":"wp","href":"https:\/\/api.w.org\/{rel}","templated":true}]}}