{"id":11705,"date":"2016-01-24T20:58:03","date_gmt":"2016-01-24T19:58:03","guid":{"rendered":"http:\/\/www.ister.at\/?page_id=11705"},"modified":"2016-12-04T01:13:08","modified_gmt":"2016-12-04T00:13:08","slug":"2016-2","status":"publish","type":"page","link":"http:\/\/www.ister.at\/Ister1\/?page_id=11705","title":{"rendered":"2016"},"content":{"rendered":"<div class=\"love\"><input  id=\"post_11705\" type=\"checkbox\" class=\"LoveCheck\"\/>\n                <label for=\"post_11705\" class=\"dashicons dashicons-heart LoveLabel\" aria-label=\"like this\"><\/label><span class=\"LoveCount\">0<\/span><\/div><!--\/love--><p>Project 3R-S: Los Angeles<\/p>\n<figure id=\"attachment_12906\" aria-describedby=\"caption-attachment-12906\" style=\"width: 300px\" class=\"wp-caption aligncenter\"><a href=\"http:\/\/www.ister.at\/?gallery=2016-la-project-3r-s\" target=\"_blank\"><img loading=\"lazy\" decoding=\"async\" class=\"wp-image-12906 size-medium\" src=\"http:\/\/www.ister.at\/Ister1\/wp-content\/uploads\/2016\/10\/LA_Concept_192-300x200.jpg\" alt=\"la_concept_192\" width=\"300\" height=\"200\" srcset=\"http:\/\/www.ister.at\/Ister1\/wp-content\/uploads\/2016\/10\/LA_Concept_192-300x200.jpg 300w, http:\/\/www.ister.at\/Ister1\/wp-content\/uploads\/2016\/10\/LA_Concept_192-768x511.jpg 768w, http:\/\/www.ister.at\/Ister1\/wp-content\/uploads\/2016\/10\/LA_Concept_192-1024x681.jpg 1024w, http:\/\/www.ister.at\/Ister1\/wp-content\/uploads\/2016\/10\/LA_Concept_192-120x80.jpg 120w, http:\/\/www.ister.at\/Ister1\/wp-content\/uploads\/2016\/10\/LA_Concept_192.jpg 1200w\" sizes=\"auto, (max-width: 300px) 100vw, 300px\" \/><\/a><figcaption id=\"caption-attachment-12906\" class=\"wp-caption-text\">Los Angeles &#8211; 3R-S<\/figcaption><\/figure>\n<p>Roseninselachter Starnbergersee, 24.09.2016<\/p>\n<figure id=\"attachment_12879\" aria-describedby=\"caption-attachment-12879\" style=\"width: 300px\" class=\"wp-caption aligncenter\"><a href=\"https:\/\/ister.smugmug.com\/Ister-Fotos\/2016\/2016-9-Roseninsel-8er\/\" target=\"_blank\"><img loading=\"lazy\" decoding=\"async\" class=\"wp-image-12879 size-medium\" src=\"http:\/\/www.ister.at\/Ister1\/wp-content\/uploads\/2016\/09\/2016_roseninsel-12-300x200.jpg\" alt=\"2016_roseninsel-12\" width=\"300\" height=\"200\" srcset=\"http:\/\/www.ister.at\/Ister1\/wp-content\/uploads\/2016\/09\/2016_roseninsel-12-300x200.jpg 300w, http:\/\/www.ister.at\/Ister1\/wp-content\/uploads\/2016\/09\/2016_roseninsel-12-768x512.jpg 768w, http:\/\/www.ister.at\/Ister1\/wp-content\/uploads\/2016\/09\/2016_roseninsel-12-1024x683.jpg 1024w, http:\/\/www.ister.at\/Ister1\/wp-content\/uploads\/2016\/09\/2016_roseninsel-12-120x80.jpg 120w, http:\/\/www.ister.at\/Ister1\/wp-content\/uploads\/2016\/09\/2016_roseninsel-12.jpg 2048w\" sizes=\"auto, (max-width: 300px) 100vw, 300px\" \/><\/a><figcaption id=\"caption-attachment-12879\" class=\"wp-caption-text\">Viribus Unitis matemaker auf Siegesfahrt<\/figcaption><\/figure>\n<p>Ober\u00f6sterreichische Landesmeisterschaften, 24.09.2016<\/p>\n<figure id=\"attachment_12857\" aria-describedby=\"caption-attachment-12857\" style=\"width: 300px\" class=\"wp-caption aligncenter\"><a href=\"https:\/\/ister.smugmug.com\/Ister-Fotos\/2016\/2016-9-Landesmeisterschaften\"><img loading=\"lazy\" decoding=\"async\" class=\"wp-image-12857 size-medium\" src=\"http:\/\/www.ister.at\/Ister1\/wp-content\/uploads\/2016\/01\/2016_OOELM_035-300x200.jpg\" alt=\"2016_ooelm_035\" width=\"300\" height=\"200\" srcset=\"http:\/\/www.ister.at\/Ister1\/wp-content\/uploads\/2016\/01\/2016_OOELM_035-300x200.jpg 300w, http:\/\/www.ister.at\/Ister1\/wp-content\/uploads\/2016\/01\/2016_OOELM_035-768x511.jpg 768w, http:\/\/www.ister.at\/Ister1\/wp-content\/uploads\/2016\/01\/2016_OOELM_035-1024x681.jpg 1024w, http:\/\/www.ister.at\/Ister1\/wp-content\/uploads\/2016\/01\/2016_OOELM_035-120x80.jpg 120w, http:\/\/www.ister.at\/Ister1\/wp-content\/uploads\/2016\/01\/2016_OOELM_035.jpg 1200w\" sizes=\"auto, (max-width: 300px) 100vw, 300px\" \/><\/a><figcaption id=\"caption-attachment-12857\" class=\"wp-caption-text\">Junioren B 4x mit Trainerin<\/figcaption><\/figure>\n<p>89. \u00d6sterreichische Meisterschaften, 16. &#8211; 18.09.2016<\/p>\n<figure id=\"attachment_12747\" aria-describedby=\"caption-attachment-12747\" style=\"width: 200px\" class=\"wp-caption aligncenter\"><a href=\"https:\/\/ister.smugmug.com\/Ister-Fotos\/2016\/2016-9-%C3%96-StaatsMeisterschaften\/\" target=\"_blank\"><img loading=\"lazy\" decoding=\"async\" class=\"wp-image-12747 size-medium\" src=\"http:\/\/www.ister.at\/Ister1\/wp-content\/uploads\/2016\/09\/2016_oestm_141-200x300.jpg\" alt=\"2016_oestm_141\" width=\"200\" height=\"300\" srcset=\"http:\/\/www.ister.at\/Ister1\/wp-content\/uploads\/2016\/09\/2016_oestm_141-200x300.jpg 200w, http:\/\/www.ister.at\/Ister1\/wp-content\/uploads\/2016\/09\/2016_oestm_141-768x1155.jpg 768w, http:\/\/www.ister.at\/Ister1\/wp-content\/uploads\/2016\/09\/2016_oestm_141-681x1024.jpg 681w, http:\/\/www.ister.at\/Ister1\/wp-content\/uploads\/2016\/09\/2016_oestm_141.jpg 798w\" sizes=\"auto, (max-width: 200px) 100vw, 200px\" \/><\/a><figcaption id=\"caption-attachment-12747\" class=\"wp-caption-text\">\u00d6sterr. Meister im JunM B 4-<\/figcaption><\/figure>\n<p>Blaues Band vom W\u00f6rthersee, 12.09.2016<\/p>\n<p>&nbsp;<\/p>\n<p>Kampf ums Wikinger Horn, 27.08.2016<\/p>\n<figure id=\"attachment_12668\" aria-describedby=\"caption-attachment-12668\" style=\"width: 300px\" class=\"wp-caption aligncenter\"><a href=\"https:\/\/ister.smugmug.com\/Ister-Fotos\/2016\/2016-8-Wikinger-Horn\/\" target=\"_blank\"><img loading=\"lazy\" decoding=\"async\" class=\"wp-image-12668 size-medium\" src=\"http:\/\/www.ister.at\/Ister1\/wp-content\/uploads\/2016\/08\/mm5-300x77.jpg\" alt=\"mm5\" width=\"300\" height=\"77\" srcset=\"http:\/\/www.ister.at\/Ister1\/wp-content\/uploads\/2016\/08\/mm5-300x77.jpg 300w, http:\/\/www.ister.at\/Ister1\/wp-content\/uploads\/2016\/08\/mm5-768x196.jpg 768w, http:\/\/www.ister.at\/Ister1\/wp-content\/uploads\/2016\/08\/mm5.jpg 800w\" sizes=\"auto, (max-width: 300px) 100vw, 300px\" \/><\/a><figcaption id=\"caption-attachment-12668\" class=\"wp-caption-text\">Masters Achter &#8211; O\u00d6 Verband<\/figcaption><\/figure>\n<p>45. Traunsee Jugendregatta und 27. Masters Meeting, 09.07.2016<\/p>\n<figure id=\"attachment_12621\" aria-describedby=\"caption-attachment-12621\" style=\"width: 300px\" class=\"wp-caption aligncenter\"><a href=\"https:\/\/ister.smugmug.com\/Ister-Fotos\/2016\/2016-7-Traunseeregatta\/\" target=\"_blank\"><img loading=\"lazy\" decoding=\"async\" class=\"wp-image-12621 size-medium\" src=\"http:\/\/www.ister.at\/Ister1\/wp-content\/uploads\/2016\/01\/2016_traunsee_155-300x200.jpg\" alt=\"2016_traunsee_155\" width=\"300\" height=\"200\" srcset=\"http:\/\/www.ister.at\/Ister1\/wp-content\/uploads\/2016\/01\/2016_traunsee_155-300x200.jpg 300w, http:\/\/www.ister.at\/Ister1\/wp-content\/uploads\/2016\/01\/2016_traunsee_155-768x512.jpg 768w, http:\/\/www.ister.at\/Ister1\/wp-content\/uploads\/2016\/01\/2016_traunsee_155-1024x683.jpg 1024w, http:\/\/www.ister.at\/Ister1\/wp-content\/uploads\/2016\/01\/2016_traunsee_155-120x80.jpg 120w, http:\/\/www.ister.at\/Ister1\/wp-content\/uploads\/2016\/01\/2016_traunsee_155.jpg 1200w\" sizes=\"auto, (max-width: 300px) 100vw, 300px\" \/><\/a><figcaption id=\"caption-attachment-12621\" class=\"wp-caption-text\">Gabe, Sieger JunA 1x<\/figcaption><\/figure>\n<p>&nbsp;<\/p>\n<p>Trainingsregatta und Schulencup Entscheidung, 04.06.2016<\/p>\n<figure id=\"attachment_12350\" aria-describedby=\"caption-attachment-12350\" style=\"width: 300px\" class=\"wp-caption aligncenter\"><a href=\"https:\/\/ister.smugmug.com\/Ister-Fotos\/2016\/2016-6-Trainingsregatta-1\/\" target=\"_blank\"><img loading=\"lazy\" decoding=\"async\" class=\"wp-image-12350 size-medium\" src=\"http:\/\/www.ister.at\/Ister1\/wp-content\/uploads\/2016\/01\/2016_trainingregatta_1_032-300x200.jpg\" alt=\"2016_trainingregatta_1_032\" width=\"300\" height=\"200\" srcset=\"http:\/\/www.ister.at\/Ister1\/wp-content\/uploads\/2016\/01\/2016_trainingregatta_1_032-300x200.jpg 300w, http:\/\/www.ister.at\/Ister1\/wp-content\/uploads\/2016\/01\/2016_trainingregatta_1_032-768x511.jpg 768w, http:\/\/www.ister.at\/Ister1\/wp-content\/uploads\/2016\/01\/2016_trainingregatta_1_032-1024x681.jpg 1024w, http:\/\/www.ister.at\/Ister1\/wp-content\/uploads\/2016\/01\/2016_trainingregatta_1_032-120x80.jpg 120w, http:\/\/www.ister.at\/Ister1\/wp-content\/uploads\/2016\/01\/2016_trainingregatta_1_032.jpg 1200w\" sizes=\"auto, (max-width: 300px) 100vw, 300px\" \/><\/a><figcaption id=\"caption-attachment-12350\" class=\"wp-caption-text\">JunA 1x: Gabriel Stekl<\/figcaption><\/figure>\n<p>EUROW 2 Ottensheim, 21. &#8211; 22.05.2016<\/p>\n<figure id=\"attachment_12308\" aria-describedby=\"caption-attachment-12308\" style=\"width: 300px\" class=\"wp-caption aligncenter\"><a href=\"https:\/\/ister.smugmug.com\/Ister-Fotos\/2016\"><img loading=\"lazy\" decoding=\"async\" class=\"wp-image-12308 size-medium\" src=\"http:\/\/www.ister.at\/Ister1\/wp-content\/uploads\/2016\/05\/2016_eurow_2_189-300x200.jpg\" alt=\"2016_eurow_2_189\" width=\"300\" height=\"200\" srcset=\"http:\/\/www.ister.at\/Ister1\/wp-content\/uploads\/2016\/05\/2016_eurow_2_189-300x200.jpg 300w, http:\/\/www.ister.at\/Ister1\/wp-content\/uploads\/2016\/05\/2016_eurow_2_189-768x511.jpg 768w, http:\/\/www.ister.at\/Ister1\/wp-content\/uploads\/2016\/05\/2016_eurow_2_189-1024x681.jpg 1024w, http:\/\/www.ister.at\/Ister1\/wp-content\/uploads\/2016\/05\/2016_eurow_2_189-120x80.jpg 120w, http:\/\/www.ister.at\/Ister1\/wp-content\/uploads\/2016\/05\/2016_eurow_2_189.jpg 1200w\" sizes=\"auto, (max-width: 300px) 100vw, 300px\" \/><\/a><figcaption id=\"caption-attachment-12308\" class=\"wp-caption-text\">Jun B 8+: Rgm. ISTER Linz\/Wiking Linz<\/figcaption><\/figure>\n<p>PiratenBall Aftershow Party, 16.05.2016<\/p>\n<figure id=\"attachment_12231\" aria-describedby=\"caption-attachment-12231\" style=\"width: 300px\" class=\"wp-caption aligncenter\"><a href=\"https:\/\/ister.smugmug.com\/Ister-Fotos\/2016\/2016-5-PiBa-Aftershow-Party\/\" target=\"_blank\"><img loading=\"lazy\" decoding=\"async\" class=\"wp-image-12231 size-medium\" src=\"http:\/\/www.ister.at\/Ister1\/wp-content\/uploads\/2016\/05\/Griller-300x140.jpg\" alt=\"Griller\" width=\"300\" height=\"140\" srcset=\"http:\/\/www.ister.at\/Ister1\/wp-content\/uploads\/2016\/05\/Griller-300x140.jpg 300w, http:\/\/www.ister.at\/Ister1\/wp-content\/uploads\/2016\/05\/Griller.jpg 600w\" sizes=\"auto, (max-width: 300px) 100vw, 300px\" \/><\/a><figcaption id=\"caption-attachment-12231\" class=\"wp-caption-text\">Spanferkel \ud83d\ude42<\/figcaption><\/figure>\n<p>Sprintregatta Urstein Salzburg, 05.05.2016<\/p>\n<figure id=\"attachment_12214\" aria-describedby=\"caption-attachment-12214\" style=\"width: 300px\" class=\"wp-caption aligncenter\"><a href=\"https:\/\/ister.smugmug.com\/Ister-Fotos\/2016\/2016-5-Urstein-Regatta\/\" target=\"_blank\"><img loading=\"lazy\" decoding=\"async\" class=\"wp-image-12214 size-medium\" src=\"http:\/\/www.ister.at\/Ister1\/wp-content\/uploads\/2016\/05\/2016_Urstein_063-300x200.jpg\" alt=\"2016_Urstein_063\" width=\"300\" height=\"200\" srcset=\"http:\/\/www.ister.at\/Ister1\/wp-content\/uploads\/2016\/05\/2016_Urstein_063-300x200.jpg 300w, http:\/\/www.ister.at\/Ister1\/wp-content\/uploads\/2016\/05\/2016_Urstein_063-768x512.jpg 768w, http:\/\/www.ister.at\/Ister1\/wp-content\/uploads\/2016\/05\/2016_Urstein_063-1024x683.jpg 1024w, http:\/\/www.ister.at\/Ister1\/wp-content\/uploads\/2016\/05\/2016_Urstein_063-120x80.jpg 120w, http:\/\/www.ister.at\/Ister1\/wp-content\/uploads\/2016\/05\/2016_Urstein_063.jpg 1200w\" sizes=\"auto, (max-width: 300px) 100vw, 300px\" \/><\/a><figcaption id=\"caption-attachment-12214\" class=\"wp-caption-text\">Oscar Lindner JMB 1x<\/figcaption><\/figure>\n<p>EUROW 1 Ottensheim, 22. &#8211; 24.04.2016<\/p>\n<figure id=\"attachment_12146\" aria-describedby=\"caption-attachment-12146\" style=\"width: 300px\" class=\"wp-caption aligncenter\"><a href=\"https:\/\/ister.smugmug.com\/\"><img loading=\"lazy\" decoding=\"async\" class=\"wp-image-12146 size-medium\" src=\"http:\/\/www.ister.at\/Ister1\/wp-content\/uploads\/2016\/04\/2016_EUROW_1_186-300x200.jpg\" alt=\"2016_EUROW_1_186\" width=\"300\" height=\"200\" srcset=\"http:\/\/www.ister.at\/Ister1\/wp-content\/uploads\/2016\/04\/2016_EUROW_1_186-300x200.jpg 300w, http:\/\/www.ister.at\/Ister1\/wp-content\/uploads\/2016\/04\/2016_EUROW_1_186-768x511.jpg 768w, http:\/\/www.ister.at\/Ister1\/wp-content\/uploads\/2016\/04\/2016_EUROW_1_186-1024x681.jpg 1024w, http:\/\/www.ister.at\/Ister1\/wp-content\/uploads\/2016\/04\/2016_EUROW_1_186-120x80.jpg 120w, http:\/\/www.ister.at\/Ister1\/wp-content\/uploads\/2016\/04\/2016_EUROW_1_186.jpg 1200w\" sizes=\"auto, (max-width: 300px) 100vw, 300px\" \/><\/a><figcaption id=\"caption-attachment-12146\" class=\"wp-caption-text\">RGM Projekt 8+<\/figcaption><\/figure>\n<p>LL-Trainingslager Ramsau, 14. &#8211; 19.02.2016<\/p>\n<figure id=\"attachment_11835\" aria-describedby=\"caption-attachment-11835\" style=\"width: 300px\" class=\"wp-caption aligncenter\"><a href=\"https:\/\/ister.smugmug.com\/\" target=\"_blank\"><img loading=\"lazy\" decoding=\"async\" class=\"wp-image-11835 size-medium\" src=\"http:\/\/www.ister.at\/Ister1\/wp-content\/uploads\/2016\/02\/2016_02_LL_Ramsau_web_029-300x127.jpg\" alt=\"2016_02_LL_Ramsau_web_029\" width=\"300\" height=\"127\" srcset=\"http:\/\/www.ister.at\/Ister1\/wp-content\/uploads\/2016\/02\/2016_02_LL_Ramsau_web_029-300x127.jpg 300w, http:\/\/www.ister.at\/Ister1\/wp-content\/uploads\/2016\/02\/2016_02_LL_Ramsau_web_029-768x325.jpg 768w, http:\/\/www.ister.at\/Ister1\/wp-content\/uploads\/2016\/02\/2016_02_LL_Ramsau_web_029-1024x434.jpg 1024w, http:\/\/www.ister.at\/Ister1\/wp-content\/uploads\/2016\/02\/2016_02_LL_Ramsau_web_029.jpg 2048w\" sizes=\"auto, (max-width: 300px) 100vw, 300px\" \/><\/a><figcaption id=\"caption-attachment-11835\" class=\"wp-caption-text\"><a href=\"https:\/\/ister.smugmug.com\/\" target=\"_blank\">Gemeinsame Trainingsgruppe<\/a><\/figcaption><\/figure>\n<p>27. Austrian Indoor Rowing Championships, 24.01.2015<\/p>\n<figure id=\"attachment_11687\" aria-describedby=\"caption-attachment-11687\" style=\"width: 300px\" class=\"wp-caption aligncenter\"><a href=\"http:\/\/www.ister.at\/?gallery=201601-ergo\" target=\"_blank\"><img loading=\"lazy\" decoding=\"async\" class=\"wp-image-11687 size-medium\" src=\"http:\/\/www.ister.at\/Ister1\/wp-content\/uploads\/2016\/01\/2016_01_24_ergo_web_090-300x200.jpg\" alt=\"2016_01_24_ergo_web_090\" width=\"300\" height=\"200\" srcset=\"http:\/\/www.ister.at\/Ister1\/wp-content\/uploads\/2016\/01\/2016_01_24_ergo_web_090-300x200.jpg 300w, http:\/\/www.ister.at\/Ister1\/wp-content\/uploads\/2016\/01\/2016_01_24_ergo_web_090-768x511.jpg 768w, http:\/\/www.ister.at\/Ister1\/wp-content\/uploads\/2016\/01\/2016_01_24_ergo_web_090-1024x681.jpg 1024w, http:\/\/www.ister.at\/Ister1\/wp-content\/uploads\/2016\/01\/2016_01_24_ergo_web_090-120x80.jpg 120w, http:\/\/www.ister.at\/Ister1\/wp-content\/uploads\/2016\/01\/2016_01_24_ergo_web_090.jpg 1200w\" sizes=\"auto, (max-width: 300px) 100vw, 300px\" \/><\/a><figcaption id=\"caption-attachment-11687\" class=\"wp-caption-text\"><a href=\"http:\/\/www.ister.at\/?gallery=201601-ergo\" target=\"_blank\">Schulruderbewerb<\/a><\/figcaption><\/figure>\n<div class=\"love\"><input  id=\"post_11705\" type=\"checkbox\" class=\"LoveCheck\"\/>\n                <label for=\"post_11705\" class=\"dashicons dashicons-heart LoveLabel\" aria-label=\"like this\"><\/label><span class=\"LoveCount\">0<\/span><\/div><!--\/love-->","protected":false},"excerpt":{"rendered":"<p>0Project 3R-S: Los Angeles Roseninselachter Starnbergersee, 24.09.2016 Ober\u00f6sterreichische Landesmeisterschaften, 24.09.2016 89. \u00d6sterreichische Meisterschaften, 16. &#8211; 18.09.2016 Blaues Band vom W\u00f6rthersee, 12.09.2016 &nbsp; Kampf ums Wikinger Horn, 27.08.2016 45. Traunsee Jugendregatta und 27. Masters Meeting, 09.07.2016[&#8230;]<\/p>\n","protected":false},"author":2,"featured_media":0,"parent":0,"menu_order":0,"comment_status":"closed","ping_status":"closed","template":"","meta":{"_monsterinsights_skip_tracking":false,"_monsterinsights_sitenote_active":false,"_monsterinsights_sitenote_note":"","_monsterinsights_sitenote_category":0,"footnotes":""},"class_list":["post-11705","page","type-page","status-publish","hentry"],"_links":{"self":[{"href":"http:\/\/www.ister.at\/Ister1\/index.php?rest_route=\/wp\/v2\/pages\/11705","targetHints":{"allow":["GET"]}}],"collection":[{"href":"http:\/\/www.ister.at\/Ister1\/index.php?rest_route=\/wp\/v2\/pages"}],"about":[{"href":"http:\/\/www.ister.at\/Ister1\/index.php?rest_route=\/wp\/v2\/types\/page"}],"author":[{"embeddable":true,"href":"http:\/\/www.ister.at\/Ister1\/index.php?rest_route=\/wp\/v2\/users\/2"}],"replies":[{"embeddable":true,"href":"http:\/\/www.ister.at\/Ister1\/index.php?rest_route=%2Fwp%2Fv2%2Fcomments&post=11705"}],"version-history":[{"count":18,"href":"http:\/\/www.ister.at\/Ister1\/index.php?rest_route=\/wp\/v2\/pages\/11705\/revisions"}],"predecessor-version":[{"id":13242,"href":"http:\/\/www.ister.at\/Ister1\/index.php?rest_route=\/wp\/v2\/pages\/11705\/revisions\/13242"}],"wp:attachment":[{"href":"http:\/\/www.ister.at\/Ister1\/index.php?rest_route=%2Fwp%2Fv2%2Fmedia&parent=11705"}],"curies":[{"name":"wp","href":"https:\/\/api.w.org\/{rel}","templated":true}]}}