{"id":11229,"date":"2015-10-17T16:41:29","date_gmt":"2015-10-17T14:41:29","guid":{"rendered":"http:\/\/www.ister.at\/?page_id=11229"},"modified":"2020-07-17T23:51:11","modified_gmt":"2020-07-17T21:51:11","slug":"hungaria","status":"publish","type":"page","link":"http:\/\/www.ister.at\/Ister1\/?page_id=11229","title":{"rendered":"Magyar"},"content":{"rendered":"<div class=\"love\"><input  id=\"post_11229\" type=\"checkbox\" class=\"LoveCheck\"\/>\n                <label for=\"post_11229\" class=\"dashicons dashicons-heart LoveLabel\" aria-label=\"like this\"><\/label><span class=\"LoveCount\">0<\/span><\/div><!--\/love--><p style=\"text-align: justify;\"><strong>\u00dcdv\u00f6zl\u00fcnk az Ister LRV egyes\u00fcletben!<\/strong><\/p>\n<p style=\"text-align: justify;\">Az \u2019ISTER Linzer Ruderverein\u2019 (pontosabban a \u2019Linzi Evez\u0151sklub\u2019) egy \u00e9l\u00e9nk evez\u0151s klub Linz v\u00e1ros\u00e1ban, egyike a legr\u00e9gebbi osztr\u00e1k sportkluboknak. A Mayr testv\u00e9rek alap\u00edtott\u00e1k 1876-ban, \u0151k hozt\u00e1k ezt a sportot Angli\u00e1b\u00f3l Linzbe. B\u00fcszk\u00e9k vagyunk, hogy \u00fcdv\u00f6z\u00f6lhet\u00fcnk a klubunkban, mely egyes\u00edti a magas sz\u00ednvonal\u00fa evez\u00e9st \u00e9s a t\u00e1rsas\u00e1gi \u00e9letet sok m\u00e1s egy\u00e9b tev\u00e9kenys\u00e9ggel.<\/p>\n<p style=\"text-align: justify;\">Sportol\u00f3ink az \u00e9vek sor\u00e1n kiemelked\u00f4 eredm\u00e9nyeket \u00e9rtek el hazai \u00e9s nemzetk\u00f6zi regatt\u00e1kon, vil\u00e1gbajnoki \u00e9s olimpiai \u00e9rmeket szereztek. A hagyom\u00e1ny folytat\u00f3dik: junior, szenior \u00e9s mester szint\u0171 evez\u0151seink nemzetk\u00f6zi szinten versenyeznek. Az Ister-ben az evez\u00e9s sk\u00e1l\u00e1ja a hobbi-szer\u0171en, sz\u00f3rakoz\u00e1sk\u00e9nt \u0171z\u00f6tt sportt\u00f3l a versenysportig terjed, a legk\u00fcl\u00f6nb\u00f6z\u00f4bb haj\u00f3kban.<\/p>\n<p>V\u00e1logatott evez\u0151seink legt\u00f6bbsz\u00f6r az Ottensheim-i evez\u0151s parkban edzenek, de a t\u00f6bbi evez\u0151s \u00e9s ahhoz kapcsol\u00f3d\u00f3 tev\u00e9kenys\u00e9g\u00fcnk mind a Duna-parti cs\u00f3nakh\u00e1zunkban \u00e9s k\u00f6rny\u00e9k\u00e9n zajlik. Ez a \u2019Winterhafen\u2019 \u2013 a t\u00e9li kik\u00f6t\u0151 \u2013 a Donaupark lak\u00f3negyedben tal\u00e1lhat\u00f3, k\u00f6zel Linz k\u00f6zpontj\u00e1hoz. A cs\u00f3nakh\u00e1z a 27-es busz \u201cGallanderstrasse\u201d meg\u00e1ll\u00f3j\u00e1t\u00f3l 5 perc gyalog.<\/p>\n<p style=\"text-align: justify;\">\u00daj klubh\u00e1zunk fel\u00faj\u00edt\u00e1s\u00e1t 2019-ben v\u00e9gezt\u00e9k. C\u00edm\u00fcnk: <a href=\"http:\/\/www.ister.at\/Ister1\/?page_id=105\">Am Winterhafen 19, 4020 Linz<\/a>. Itt minden megtal\u00e1lhat\u00f3: cs\u00f3nakh\u00e1z, haj\u00f3park, edz\u00e9si lehet\u0151s\u00e9gek, teljesen felszerelt gimnasztika terem, szoba evez\u0151spadokkal, fitness, \u00f6lt\u00f6z\u0151k. Tov\u00e1bb\u00e1 egy nagy t\u00e1rsalkod\u00f3 konyh\u00e1val, szauna pihen\u0151 helys\u00e9ggel. Edz\u00e9sk\u00e9nt evez\u0151 tanmedence is van (a klub ter\u00fclet\u00e9n k\u00edv\u00fcl, de k\u00f6zel, a Duna \u00e9szaki oldal\u00e1n). A klub rendelkezik a legk\u00fcl\u00f6nb\u00f6z\u0151bb modern verseny \u00e9s t\u00farahaj\u00f3kkal, amelyek kezd\u0151 \u00e9s tapasztalt evez\u0151s\u00f6knek egyar\u00e1nt megfelelnek. A ny\u00e1ri evez\u0151s programjaink \u00e9s a t\u00e9li versenyek az evez\u0151spadon garant\u00e1lj\u00e1k a j\u00f3 kedvet \u00e9s a motiv\u00e1lt sportol\u00e1st.<\/p>\n<p style=\"text-align: justify;\">Az Ister-nek kb. 200 tagja van, 11 \u00e9vest\u0151l 90 \u00e9vesig. A klubtags\u00e1g teljesen nemzetk\u00f6zi, vannak k\u00f6zt\u00fcnk angol, magyar, spanyol, olasz, francia, holland, \u00e9s g\u00f6r\u00f6g anyanyelv\u0171 evez\u0151s\u00f6k is.<\/p>\n<p style=\"text-align: justify;\">Az evez\u00e9sen k\u00edv\u00fcl komoly t\u00e1rsas\u00e1gi \u00e9letet is \u00e9l\u00fcnk: ev\u00e9s-s\u00f6r\u00f6zget\u00e9s az evez\u00e9s ut\u00e1n, vagy csak \u00fagy dum\u00e1lgat\u00e1s az evez\u0151s t\u00e1rsakkal, ny\u00e1ri \u00e9s kar\u00e1csonyi partik. A klubnak van saj\u00e1t nyomtatott <a href=\"http:\/\/www.ister.at\/Ister1\/?page_id=104\">kiadv\u00e1nya<\/a> \u00e9s persze a t\u00e9l v\u00e9g\u00e9n a h\u00edres <a href=\"http:\/\/www.piratenball.at\/\">Piratenball<\/a> (Kal\u00f3zb\u00e1l).<\/p>\n<p style=\"text-align: justify;\">Ha Linz k\u00f6rny\u00e9k\u00e9n \u00e9lsz \u00e9s szeretn\u00e9l evezni \u2013 b\u00e1rmilyen szinten tudsz is \u2013 gyere, keress fel minket. Profi <a href=\"http:\/\/www.ister.at\/Ister1\/?page_id=10\">tr\u00e9nerjeink<\/a>\u00a0adnak tan\u00e1csot az <a href=\"http:\/\/www.ister.at\/Ister1\/?page_id=12\">edz\u00e9s id\u0151<\/a> alatt. S ha m\u00e9g nem tudsz evezni, majd megtan\u00edtunk. B\u00e1rmikor kezdheted, de m\u00e1just\u00f3l j\u00faliusig k\u00fcl\u00f6n tartunk <a href=\"http:\/\/www.ister.at\/Ister1\/?page_id=829\">tanfolyamot kezd\u0151knek<\/a>. K\u00fcl\u00f6n odafigyel\u00fcnk a helyes evez\u00e9si technika tan\u00edt\u00e1s\u00e1ra, hiszen ez az eg\u00e9szs\u00e9ges edz\u00e9s alapja, tov\u00e1bb\u00e1 a biztons\u00e1g\u00e9rzetre a haj\u00f3ban.<\/p>\n<p style=\"text-align: justify;\">Vagy tapasztalt evez\u0151s vagy \u00e9s egy m\u00e1sik orsz\u00e1gb\u00f3l-v\u00e1rosb\u00f3l k\u00f6lt\u00f6zt\u00e9l Linzbe? Ne t\u00f6prengj, gyere egyb\u0151l hozz\u00e1nk. \u00cdrhatsz a <a href=\"mailto:rudern@ister.at\">rudern@ister.at<\/a> mail c\u00edmre, vagy egyszer\u0171en ugorj be. H\u00e9t k\u00f6zben du. 5-6 k\u00f6r\u00fcl kezdj\u00fck az edz\u00e9st \u00e9s a h\u00e9tv\u00e9geken pedig reggel, persze az \u00e9vszakt\u00f3l f\u00fcgg\u0151en.<\/p>\n<p style=\"text-align: justify;\">V\u00e1runk szeretettel az Ister-ben!<\/p>\n<div class=\"love\"><input  id=\"post_11229\" type=\"checkbox\" class=\"LoveCheck\"\/>\n                <label for=\"post_11229\" class=\"dashicons dashicons-heart LoveLabel\" aria-label=\"like this\"><\/label><span class=\"LoveCount\">0<\/span><\/div><!--\/love-->","protected":false},"excerpt":{"rendered":"<p>0\u00dcdv\u00f6zl\u00fcnk az Ister LRV egyes\u00fcletben! Az \u2019ISTER Linzer Ruderverein\u2019 (pontosabban a \u2019Linzi Evez\u0151sklub\u2019) egy \u00e9l\u00e9nk evez\u0151s klub Linz v\u00e1ros\u00e1ban, egyike a legr\u00e9gebbi osztr\u00e1k sportkluboknak. A Mayr testv\u00e9rek alap\u00edtott\u00e1k 1876-ban, \u0151k hozt\u00e1k ezt a sportot Angli\u00e1b\u00f3l[&#8230;]<\/p>\n","protected":false},"author":2,"featured_media":0,"parent":0,"menu_order":0,"comment_status":"closed","ping_status":"closed","template":"","meta":{"_monsterinsights_skip_tracking":false,"_monsterinsights_sitenote_active":false,"_monsterinsights_sitenote_note":"","_monsterinsights_sitenote_category":0,"footnotes":""},"class_list":["post-11229","page","type-page","status-publish","hentry"],"_links":{"self":[{"href":"http:\/\/www.ister.at\/Ister1\/index.php?rest_route=\/wp\/v2\/pages\/11229","targetHints":{"allow":["GET"]}}],"collection":[{"href":"http:\/\/www.ister.at\/Ister1\/index.php?rest_route=\/wp\/v2\/pages"}],"about":[{"href":"http:\/\/www.ister.at\/Ister1\/index.php?rest_route=\/wp\/v2\/types\/page"}],"author":[{"embeddable":true,"href":"http:\/\/www.ister.at\/Ister1\/index.php?rest_route=\/wp\/v2\/users\/2"}],"replies":[{"embeddable":true,"href":"http:\/\/www.ister.at\/Ister1\/index.php?rest_route=%2Fwp%2Fv2%2Fcomments&post=11229"}],"version-history":[{"count":9,"href":"http:\/\/www.ister.at\/Ister1\/index.php?rest_route=\/wp\/v2\/pages\/11229\/revisions"}],"predecessor-version":[{"id":17684,"href":"http:\/\/www.ister.at\/Ister1\/index.php?rest_route=\/wp\/v2\/pages\/11229\/revisions\/17684"}],"wp:attachment":[{"href":"http:\/\/www.ister.at\/Ister1\/index.php?rest_route=%2Fwp%2Fv2%2Fmedia&parent=11229"}],"curies":[{"name":"wp","href":"https:\/\/api.w.org\/{rel}","templated":true}]}}